CRAN Package Check Results for Package lmfor

Last updated on 2025-10-02 10:49:23 CEST.

Flavor Version Tinstall Tcheck Ttotal Status Flags
r-devel-linux-x86_64-debian-clang 1.6 12.00 102.47 114.47 NOTE
r-devel-linux-x86_64-debian-gcc 1.7 8.17 75.06 83.23 OK
r-devel-linux-x86_64-fedora-clang 1.7 168.98 OK
r-devel-linux-x86_64-fedora-gcc 1.7 153.31 OK
r-devel-windows-x86_64 1.7 12.00 122.00 134.00 OK
r-patched-linux-x86_64 1.7 11.73 97.50 109.23 OK
r-release-linux-x86_64 1.6 10.08 98.66 108.74 NOTE
r-release-macos-arm64 1.6 52.00 OK
r-release-macos-x86_64 1.7 107.00 OK
r-release-windows-x86_64 1.7 14.00 120.00 134.00 OK
r-oldrel-macos-arm64 1.6 56.00 OK
r-oldrel-macos-x86_64 1.7 112.00 OK
r-oldrel-windows-x86_64 1.7 19.00 144.00 163.00 OK

Check Details

Version: 1.6
Check: CRAN incoming feasibility
Result: NOTE Maintainer: ‘Lauri Mehtatalo <lauri.mehtatalo@luke.fi>’ No Authors@R field in DESCRIPTION. Please add one, modifying Authors@R: c(person(given = "Lauri", family = "Mehtatalo", role = c("aut", "cre"), email = "lauri.mehtatalo@luke.fi"), person(given = "Kasper", family = "Kansanen", role = "aut")) as necessary. Flavor: r-devel-linux-x86_64-debian-clang

Version: 1.6
Check: Rd cross-references
Result: NOTE Found the following Rd file(s) with Rd \link{} targets missing package anchors: fithd.Rd: nlme, lme, gls, gnls Please provide package anchors for all Rd \link{} targets not in the package itself and the base packages. Flavors: r-devel-linux-x86_64-debian-clang, r-release-linux-x86_64