Last updated on 2025-04-29 13:51:29 CEST.
Flavor | Version | Tinstall | Tcheck | Ttotal | Status | Flags |
---|---|---|---|---|---|---|
r-devel-linux-x86_64-debian-clang | 1.0.0 | 2.17 | 27.02 | 29.19 | NOTE | |
r-devel-linux-x86_64-debian-gcc | 1.0.0 | 1.71 | 19.28 | 20.99 | NOTE | |
r-devel-linux-x86_64-fedora-clang | 1.0.0 | 45.64 | OK | |||
r-devel-linux-x86_64-fedora-gcc | 1.0.0 | 42.89 | OK | |||
r-devel-windows-x86_64 | 1.0.0 | 3.00 | 49.00 | 52.00 | OK | |
r-patched-linux-x86_64 | 1.0.0 | 2.17 | 25.46 | 27.63 | OK | |
r-release-linux-x86_64 | 1.0.0 | 1.90 | 25.71 | 27.61 | OK | |
r-release-macos-arm64 | 1.0.0 | 21.00 | OK | |||
r-release-macos-x86_64 | 1.0.0 | 31.00 | OK | |||
r-release-windows-x86_64 | 1.0.0 | 4.00 | 50.00 | 54.00 | OK | |
r-oldrel-macos-arm64 | 1.0.0 | 17.00 | OK | |||
r-oldrel-macos-x86_64 | 1.0.0 | 28.00 | OK | |||
r-oldrel-windows-x86_64 | 1.0.0 | 3.00 | 47.00 | 50.00 | OK |
Version: 1.0.0
Check: CRAN incoming feasibility
Result: NOTE
Maintainer: ‘Antonio Elías <antonioefz91@gmail.com>’
The Description field contains
<arXiv:2007.16059>.
Please refer to arXiv e-prints via their arXiv DOI <doi:10.48550/arXiv.YYMM.NNNNN>.
The BugReports field in DESCRIPTION has
https://github.com/aefdz/localFDA
which should likely be
https://github.com/aefdz/localFDA/issues
instead.
Flavors: r-devel-linux-x86_64-debian-clang, r-devel-linux-x86_64-debian-gcc
Version: 1.0.0
Check: examples
Result: NOTE
Examples with CPU (user + system) or elapsed time > 5s
user system elapsed
localizationClassifier 3.784 0.056 5.822
Flavor: r-devel-linux-x86_64-debian-clang