Last updated on 2024-08-10 16:48:59 CEST.
Flavor | Version | Tinstall | Tcheck | Ttotal | Status | Flags |
---|---|---|---|---|---|---|
r-devel-linux-x86_64-debian-clang | 2.0.5 | 8.37 | 73.33 | 81.70 | NOTE | |
r-devel-linux-x86_64-debian-gcc | 2.0.5 | 5.69 | 50.29 | 55.98 | NOTE | |
r-devel-linux-x86_64-fedora-clang | 2.0.5 | 131.27 | OK | |||
r-devel-linux-x86_64-fedora-gcc | 2.0.5 | 121.02 | OK | |||
r-devel-windows-x86_64 | 2.0.5 | 9.00 | 83.00 | 92.00 | NOTE | |
r-patched-linux-x86_64 | 2.0.5 | 10.86 | 71.44 | 82.30 | OK | |
r-release-linux-x86_64 | 2.0.5 | 8.34 | 70.49 | 78.83 | OK | |
r-release-macos-arm64 | 2.0.5 | 39.00 | OK | |||
r-release-macos-x86_64 | 2.0.5 | 60.00 | OK | |||
r-release-windows-x86_64 | 2.0.5 | 9.00 | 81.00 | 90.00 | OK | |
r-oldrel-macos-arm64 | 2.0.5 | 44.00 | OK | |||
r-oldrel-macos-x86_64 | 2.0.5 | 60.00 | OK | |||
r-oldrel-windows-x86_64 | 2.0.5 | 12.00 | 103.00 | 115.00 | OK |
Version: 2.0.5
Check: Rd cross-references
Result: NOTE
Found the following Rd file(s) with Rd \link{} targets missing package
anchors:
logbin-package.Rd: glm2-package
Please provide package anchors for all Rd \link{} targets not in the
package itself and the base packages.
Flavors: r-devel-linux-x86_64-debian-clang, r-devel-linux-x86_64-debian-gcc, r-devel-windows-x86_64