CRAN Package Check Results for Package longreadvqs

Last updated on 2025-05-01 14:49:14 CEST.

Flavor Version Tinstall Tcheck Ttotal Status Flags
r-devel-linux-x86_64-debian-clang 0.1.3 24.00 315.31 339.31 NOTE
r-devel-linux-x86_64-debian-gcc 0.1.3 16.34 212.01 228.35 OK
r-devel-linux-x86_64-fedora-clang 0.1.3 564.15 OK
r-devel-linux-x86_64-fedora-gcc 0.1.3 513.95 OK
r-devel-windows-x86_64 0.1.3 22.00 290.00 312.00 OK
r-patched-linux-x86_64 0.1.3 20.91 298.34 319.25 OK
r-release-linux-x86_64 OK
r-release-macos-arm64 0.1.3 142.00 OK
r-release-macos-x86_64 0.1.3 290.00 OK
r-release-windows-x86_64 0.1.3 22.00 301.00 323.00 OK
r-oldrel-macos-arm64 0.1.3 102.00 OK
r-oldrel-macos-x86_64 0.1.3 11.00 ERROR
r-oldrel-windows-x86_64 0.1.3 29.00 365.00 394.00 OK

Check Details

Version: 0.1.3
Check: examples
Result: NOTE Examples with CPU (user + system) or elapsed time > 5s user system elapsed AAcompare 5.536 0.195 7.480 vqscompare 3.558 0.014 5.005 Flavor: r-devel-linux-x86_64-debian-clang

Version: 0.1.3
Check: examples
Result: NA user system elapsed AAcompare 5.043 0.413 6.43 OK Flavor: r-devel-linux-x86_64-debian-gcc

Version: 0.1.3
Check: package dependencies
Result: ERROR Package required but not available: ‘QSutils’ See section ‘The DESCRIPTION file’ in the ‘Writing R Extensions’ manual. Flavor: r-oldrel-macos-x86_64