Last updated on 2024-06-27 10:49:35 CEST.
Flavor | Version | Tinstall | Tcheck | Ttotal | Status | Flags |
---|---|---|---|---|---|---|
r-devel-linux-x86_64-debian-clang | 1.0 | OK | ||||
r-devel-linux-x86_64-debian-gcc | 1.0 | 13.62 | 107.11 | 120.73 | OK | |
r-devel-linux-x86_64-fedora-clang | 1.0 | 212.30 | NOTE | |||
r-devel-linux-x86_64-fedora-gcc | 1.0 | 190.60 | OK | |||
r-devel-windows-x86_64 | 1.0 | 16.00 | 116.00 | 132.00 | OK | |
r-patched-linux-x86_64 | 1.0 | 13.42 | 140.83 | 154.25 | OK | |
r-release-linux-x86_64 | 1.0 | 13.40 | 139.00 | 152.40 | OK | |
r-release-macos-arm64 | 1.0 | 56.00 | OK | |||
r-release-macos-x86_64 | 1.0 | 106.00 | OK | |||
r-release-windows-x86_64 | 1.0 | 17.00 | 118.00 | 135.00 | OK | |
r-oldrel-macos-arm64 | 1.0 | 61.00 | OK | |||
r-oldrel-macos-x86_64 | 1.0 | 80.00 | OK | |||
r-oldrel-windows-x86_64 | 1.0 | 20.00 | 145.00 | 165.00 | OK |
Version: 1.0
Check: package dependencies
Result: NOTE
Imports includes 21 non-default packages.
Importing from so many packages makes the package vulnerable to any of
them becoming unavailable. Move as many as possible to Suggests and
use conditionally.
Flavor: r-devel-linux-x86_64-fedora-clang