Last updated on 2025-04-29 13:51:29 CEST.
Flavor | Version | Tinstall | Tcheck | Ttotal | Status | Flags |
---|---|---|---|---|---|---|
r-devel-linux-x86_64-debian-clang | 0.3.5-6 | 8.73 | 68.84 | 77.57 | NOTE | |
r-devel-linux-x86_64-debian-gcc | 0.3.5-6 | 5.52 | 45.71 | 51.23 | OK | |
r-devel-linux-x86_64-fedora-clang | 0.3.5-6 | 122.15 | OK | |||
r-devel-linux-x86_64-fedora-gcc | 0.3.5-6 | 118.91 | OK | |||
r-devel-windows-x86_64 | 0.3.5-6 | 8.00 | 99.00 | 107.00 | OK | |
r-patched-linux-x86_64 | 0.3.5-6 | 9.84 | 66.52 | 76.36 | OK | |
r-release-linux-x86_64 | 0.3.5-6 | 7.74 | 66.54 | 74.28 | OK | |
r-release-macos-arm64 | 0.3.5-6 | 39.00 | OK | |||
r-release-macos-x86_64 | 0.3.5-6 | 92.00 | OK | |||
r-release-windows-x86_64 | 0.3.5-6 | 9.00 | 93.00 | 102.00 | OK | |
r-oldrel-macos-arm64 | 0.3.5-6 | 39.00 | OK | |||
r-oldrel-macos-x86_64 | 0.3.5-6 | 92.00 | OK | |||
r-oldrel-windows-x86_64 | 0.3.5-6 | 8.00 | 113.00 | 121.00 | OK |
Version: 0.3.5-6
Check: examples
Result: NOTE
Examples with CPU (user + system) or elapsed time > 5s
user system elapsed
error_lphom 4.358 0.094 5.586
Flavor: r-devel-linux-x86_64-debian-clang