Last updated on 2024-06-27 16:49:08 CEST.
Flavor | Version | Tinstall | Tcheck | Ttotal | Status | Flags |
---|---|---|---|---|---|---|
r-devel-linux-x86_64-debian-clang | 0.2.1 | NOTE | ||||
r-devel-linux-x86_64-debian-gcc | 0.2.1 | 46.28 | 51.02 | 97.30 | NOTE | |
r-devel-linux-x86_64-fedora-clang | 0.2.1 | 165.53 | NOTE | |||
r-devel-linux-x86_64-fedora-gcc | 0.2.1 | 156.49 | NOTE | |||
r-devel-windows-x86_64 | 0.2.1 | 49.00 | 69.00 | 118.00 | NOTE | |
r-patched-linux-x86_64 | 0.2.1 | 59.74 | 65.39 | 125.13 | NOTE | |
r-release-linux-x86_64 | 0.2.1 | 51.27 | 64.76 | 116.03 | NOTE | |
r-release-macos-arm64 | 0.2.1 | 62.00 | NOTE | |||
r-release-macos-x86_64 | 0.2.1 | 103.00 | NOTE | |||
r-release-windows-x86_64 | 0.2.1 | 48.00 | 71.00 | 119.00 | NOTE | |
r-oldrel-macos-arm64 | 0.2.1 | 70.00 | NOTE | |||
r-oldrel-macos-x86_64 | 0.2.1 | 92.00 | NOTE | |||
r-oldrel-windows-x86_64 | 0.2.1 | 60.00 | 78.00 | 138.00 | NOTE |
Version: 0.2.1
Check: package dependencies
Result: NOTE
Package suggested but not available for checking: ‘depth’
Flavors: r-devel-linux-x86_64-debian-clang, r-devel-linux-x86_64-debian-gcc, r-devel-linux-x86_64-fedora-clang, r-devel-linux-x86_64-fedora-gcc, r-devel-windows-x86_64, r-patched-linux-x86_64, r-release-linux-x86_64, r-release-macos-arm64, r-release-macos-x86_64, r-release-windows-x86_64, r-oldrel-macos-arm64, r-oldrel-macos-x86_64, r-oldrel-windows-x86_64
Version: 0.2.1
Check: Rd files
Result: NOTE
checkRd: (-1) geom_lv.Rd:101: Lost braces; missing escapes or markup?
101 | determines whether the width of the box for letter value LV(i) should be proportional to i (linear), proportional to $2^{-i}$ (height), or whether
| ^
checkRd: (-1) geom_lv.Rd:102: Lost braces; missing escapes or markup?
102 | the area of the box should be proportional to $2^{-i}$ (area).}
| ^
Flavors: r-devel-linux-x86_64-debian-clang, r-devel-linux-x86_64-debian-gcc, r-devel-linux-x86_64-fedora-clang, r-devel-linux-x86_64-fedora-gcc, r-devel-windows-x86_64, r-patched-linux-x86_64, r-release-linux-x86_64, r-release-macos-arm64, r-release-macos-x86_64, r-release-windows-x86_64