Last updated on 2025-11-16 06:49:43 CET.
| Flavor | Version | Tinstall | Tcheck | Ttotal | Status | Flags |
|---|---|---|---|---|---|---|
| r-devel-linux-x86_64-debian-clang | 3.2.0.1 | 24.12 | 196.06 | 220.18 | OK | |
| r-devel-linux-x86_64-debian-gcc | 3.2.0.1 | 19.93 | 148.47 | 168.40 | OK | |
| r-devel-linux-x86_64-fedora-clang | 3.2.0.1 | 54.00 | 295.83 | 349.83 | NOTE | |
| r-devel-linux-x86_64-fedora-gcc | 3.2.0.1 | 61.00 | 288.25 | 349.25 | NOTE | |
| r-devel-windows-x86_64 | 3.2.0.1 | 31.00 | 170.00 | 201.00 | OK | |
| r-patched-linux-x86_64 | 3.2.0.1 | 25.96 | 184.40 | 210.36 | OK | |
| r-release-linux-x86_64 | 3.2.0.1 | 24.14 | 186.77 | 210.91 | OK | |
| r-release-macos-arm64 | 3.2.0.1 | 10.00 | 70.00 | 80.00 | OK | |
| r-release-macos-x86_64 | 3.2.0.1 | 22.00 | 166.00 | 188.00 | OK | |
| r-release-windows-x86_64 | 3.2.0.1 | 26.00 | 170.00 | 196.00 | OK | |
| r-oldrel-macos-arm64 | 3.2.0.1 | 12.00 | 82.00 | 94.00 | OK | |
| r-oldrel-macos-x86_64 | 3.2.0.1 | 25.00 | 134.00 | 159.00 | OK | |
| r-oldrel-windows-x86_64 | 3.2.0.1 | 36.00 | 219.00 | 255.00 | OK |
Version: 3.2.0.1
Check: dependencies in R code
Result: NOTE
Namespaces in Imports field not imported from:
‘ActCR’ ‘ActFrag’ ‘tidyr’
All declared Imports should be used.
Flavors: r-devel-linux-x86_64-fedora-clang, r-devel-linux-x86_64-fedora-gcc