Last updated on 2024-06-27 16:49:09 CEST.
Flavor | Version | Tinstall | Tcheck | Ttotal | Status | Flags |
---|---|---|---|---|---|---|
r-devel-linux-x86_64-debian-clang | 2.9.2.0 | NOTE | ||||
r-devel-linux-x86_64-debian-gcc | 2.9.2.0 | 24.22 | 164.17 | 188.39 | NOTE | |
r-devel-linux-x86_64-fedora-clang | 2.9.2.0 | 321.29 | NOTE | |||
r-devel-linux-x86_64-fedora-gcc | 2.9.2.0 | 323.09 | NOTE | |||
r-devel-windows-x86_64 | 2.9.2.0 | 25.00 | 159.00 | 184.00 | NOTE | |
r-patched-linux-x86_64 | 2.9.2.0 | 26.75 | 217.33 | 244.08 | NOTE | |
r-release-linux-x86_64 | 2.9.2.0 | 25.86 | 216.12 | 241.98 | NOTE | |
r-release-macos-arm64 | 2.9.2.0 | 97.00 | NOTE | |||
r-release-macos-x86_64 | 2.9.2.0 | 146.00 | NOTE | |||
r-release-windows-x86_64 | 2.9.2.0 | 26.00 | 156.00 | 182.00 | NOTE | |
r-oldrel-macos-arm64 | 2.9.2.0 | 99.00 | OK | |||
r-oldrel-macos-x86_64 | 2.9.2.0 | 185.00 | OK | |||
r-oldrel-windows-x86_64 | 2.9.2.0 | 31.00 | 188.00 | 219.00 | OK |
Version: 2.9.2.0
Check: Rd files
Result: NOTE
checkRd: (-1) get_mean_sd_hour.Rd:20: Lost braces
20 | A function for calcualting the average timing of variables (in this case the M10 and L5). Find the average timing mu that min{ sum { min[ (tind_i - mu)^2, (1440 + mu - tind_i )^2 ]}}
| ^
checkRd: (-1) get_mean_sd_hour.Rd:20: Lost braces; missing escapes or markup?
20 | A function for calcualting the average timing of variables (in this case the M10 and L5). Find the average timing mu that min{ sum { min[ (tind_i - mu)^2, (1440 + mu - tind_i )^2 ]}}
| ^
Flavors: r-devel-linux-x86_64-debian-clang, r-devel-linux-x86_64-debian-gcc, r-devel-linux-x86_64-fedora-clang, r-devel-linux-x86_64-fedora-gcc, r-devel-windows-x86_64, r-patched-linux-x86_64, r-release-linux-x86_64, r-release-macos-arm64, r-release-macos-x86_64, r-release-windows-x86_64
Version: 2.9.2.0
Check: dependencies in R code
Result: NOTE
Namespaces in Imports field not imported from:
‘ActCR’ ‘ActFrag’ ‘tidyr’
All declared Imports should be used.
Flavors: r-devel-linux-x86_64-fedora-clang, r-devel-linux-x86_64-fedora-gcc