CRAN Package Check Results for Package mRpostman

Last updated on 2025-11-16 06:49:44 CET.

Flavor Version Tinstall Tcheck Ttotal Status Flags
r-devel-linux-x86_64-debian-clang 1.1.4 5.95 50.92 56.87 OK
r-devel-linux-x86_64-debian-gcc 1.1.4 4.29 41.81 46.10 NOTE
r-devel-linux-x86_64-fedora-clang 1.1.4 12.00 72.98 84.98 OK
r-devel-linux-x86_64-fedora-gcc 1.1.4 11.00 85.31 96.31 OK
r-devel-windows-x86_64 1.1.4 11.00 74.00 85.00 OK
r-patched-linux-x86_64 1.1.4 7.26 46.85 54.11 OK
r-release-linux-x86_64 1.1.4 4.97 48.11 53.08 OK
r-release-macos-arm64 1.1.4 3.00 50.00 53.00 OK
r-release-macos-x86_64 1.1.4 5.00 66.00 71.00 OK
r-release-windows-x86_64 1.1.4 9.00 73.00 82.00 OK
r-oldrel-macos-arm64 1.1.4 3.00 37.00 40.00 OK
r-oldrel-macos-x86_64 1.1.4 7.00 83.00 90.00 OK
r-oldrel-windows-x86_64 1.1.4 10.00 85.00 95.00 OK

Check Details

Version: 1.1.4
Check: CRAN incoming feasibility
Result: NOTE Maintainer: ‘Allan Quadros <allanvcq@gmail.com>’ The BugReports field in DESCRIPTION has https://github.com/allanvc/mRpostman/issues/ which should likely be https://github.com/allanvc/mRpostman/issues/issues instead. Flavor: r-devel-linux-x86_64-debian-gcc