Last updated on 2024-06-27 10:49:36 CEST.
Flavor | Version | Tinstall | Tcheck | Ttotal | Status | Flags |
---|---|---|---|---|---|---|
r-devel-linux-x86_64-debian-clang | 3.4.0 | NOTE | ||||
r-devel-linux-x86_64-debian-gcc | 3.4.0 | 3.71 | 28.55 | 32.26 | NOTE | |
r-devel-linux-x86_64-fedora-clang | 3.4.0 | 58.32 | NOTE | |||
r-devel-linux-x86_64-fedora-gcc | 3.4.0 | 52.01 | NOTE | |||
r-devel-windows-x86_64 | 3.4.0 | 5.00 | 55.00 | 60.00 | NOTE | |
r-patched-linux-x86_64 | 3.4.0 | 4.44 | 36.00 | 40.44 | NOTE | |
r-release-linux-x86_64 | 3.4.0 | 4.63 | 36.95 | 41.58 | NOTE | |
r-release-macos-arm64 | 3.4.0 | 18.00 | NOTE | |||
r-release-macos-x86_64 | 3.4.0 | 27.00 | NOTE | |||
r-release-windows-x86_64 | 3.4.0 | 6.00 | 52.00 | 58.00 | NOTE | |
r-oldrel-macos-arm64 | 3.4.0 | 19.00 | NOTE | |||
r-oldrel-macos-x86_64 | 3.4.0 | 28.00 | NOTE | |||
r-oldrel-windows-x86_64 | 3.4.0 | 6.00 | 59.00 | 65.00 | NOTE |
Version: 3.4.0
Check: LazyData
Result: NOTE
'LazyData' is specified without a 'data' directory
Flavors: r-devel-linux-x86_64-debian-clang, r-devel-linux-x86_64-debian-gcc, r-devel-linux-x86_64-fedora-clang, r-devel-linux-x86_64-fedora-gcc, r-devel-windows-x86_64, r-patched-linux-x86_64, r-release-linux-x86_64, r-release-macos-arm64, r-release-macos-x86_64, r-release-windows-x86_64, r-oldrel-macos-arm64, r-oldrel-macos-x86_64, r-oldrel-windows-x86_64
Version: 3.4.0
Check: dependencies in R code
Result: NOTE
Namespace in Imports field not imported from: ‘utils’
All declared Imports should be used.
Flavors: r-devel-linux-x86_64-fedora-clang, r-devel-linux-x86_64-fedora-gcc