Last updated on 2025-11-16 00:48:36 CET.
| Flavor | Version | Tinstall | Tcheck | Ttotal | Status | Flags |
|---|---|---|---|---|---|---|
| r-devel-linux-x86_64-debian-clang | 0.3.9 | 9.02 | 78.81 | 87.83 | ERROR | |
| r-devel-linux-x86_64-debian-gcc | 0.3.9 | 6.31 | 60.14 | 66.45 | ERROR | |
| r-devel-linux-x86_64-fedora-clang | 0.3.9 | 41.00 | 103.46 | 144.46 | ERROR | |
| r-devel-linux-x86_64-fedora-gcc | 0.3.9 | 20.00 | 128.89 | 148.89 | ERROR | |
| r-devel-windows-x86_64 | 0.3.9 | 12.00 | 90.00 | 102.00 | OK | |
| r-patched-linux-x86_64 | 0.3.9 | 8.47 | 74.34 | 82.81 | ERROR | |
| r-release-linux-x86_64 | 0.3.9 | 6.77 | 74.41 | 81.18 | ERROR | |
| r-release-macos-arm64 | 0.3.9 | 4.00 | 43.00 | 47.00 | OK | |
| r-release-macos-x86_64 | 0.3.9 | 9.00 | 99.00 | 108.00 | OK | |
| r-release-windows-x86_64 | 0.3.9 | 8.00 | 90.00 | 98.00 | OK | |
| r-oldrel-macos-arm64 | 0.3.9 | 4.00 | 42.00 | 46.00 | OK | |
| r-oldrel-macos-x86_64 | 0.3.9 | 10.00 | 85.00 | 95.00 | OK | |
| r-oldrel-windows-x86_64 | 0.3.9 | 13.00 | 113.00 | 126.00 | OK |
Version: 0.3.9
Check: re-building of vignette outputs
Result: ERROR
Error(s) in re-building vignettes:
...
--- re-building ‘macleish.Rmd’ using rmarkdown
Quitting from macleish.Rmd:197-201 [unnamed-chunk-8]
~~~~~~~~~~~~~~~~~~~~~~~~~~~~~~~~~~~~~~~~~~~~~~~~~~~~~~~~~~~~~~~~~~~~~~~~~~~~~~~~
<error/rlang_error>
Error in `windrose()`:
! could not find function "windrose"
---
Backtrace:
▆
1. ├─orchard_2015 %>% with(windrose(wind_speed, wind_dir))
2. ├─base::with(., windrose(wind_speed, wind_dir))
3. └─base::with.default(., windrose(wind_speed, wind_dir))
4. └─base::eval(substitute(expr), data, enclos = parent.frame())
5. └─base::eval(substitute(expr), data, enclos = parent.frame())
~~~~~~~~~~~~~~~~~~~~~~~~~~~~~~~~~~~~~~~~~~~~~~~~~~~~~~~~~~~~~~~~~~~~~~~~~~~~~~~~
Error: processing vignette 'macleish.Rmd' failed with diagnostics:
could not find function "windrose"
--- failed re-building ‘macleish.Rmd’
SUMMARY: processing the following file failed:
‘macleish.Rmd’
Error: Vignette re-building failed.
Execution halted
Flavors: r-devel-linux-x86_64-debian-clang, r-devel-linux-x86_64-debian-gcc, r-patched-linux-x86_64, r-release-linux-x86_64
Version: 0.3.9
Check: re-building of vignette outputs
Result: ERROR
Error(s) in re-building vignettes:
--- re-building ‘macleish.Rmd’ using rmarkdown
Quitting from macleish.Rmd:197-201 [unnamed-chunk-8]
~~~~~~~~~~~~~~~~~~~~~~~~~~~~~~~~~~~~~~~~~~~~~~~~~~~~~~~~~~~~~~~~~~~~~~~~~~~~~~~~
<error/rlang_error>
Error in `windrose()`:
! could not find function "windrose"
---
Backtrace:
▆
1. ├─orchard_2015 %>% with(windrose(wind_speed, wind_dir))
2. ├─base::with(., windrose(wind_speed, wind_dir))
3. └─base::with.default(., windrose(wind_speed, wind_dir))
4. └─base::eval(substitute(expr), data, enclos = parent.frame())
5. └─base::eval(substitute(expr), data, enclos = parent.frame())
~~~~~~~~~~~~~~~~~~~~~~~~~~~~~~~~~~~~~~~~~~~~~~~~~~~~~~~~~~~~~~~~~~~~~~~~~~~~~~~~
Error: processing vignette 'macleish.Rmd' failed with diagnostics:
could not find function "windrose"
--- failed re-building ‘macleish.Rmd’
SUMMARY: processing the following file failed:
‘macleish.Rmd’
Error: Vignette re-building failed.
Execution halted
Flavors: r-devel-linux-x86_64-fedora-clang, r-devel-linux-x86_64-fedora-gcc