Last updated on 2025-11-16 06:49:42 CET.
| Flavor | Version | Tinstall | Tcheck | Ttotal | Status | Flags |
|---|---|---|---|---|---|---|
| r-devel-linux-x86_64-debian-clang | 1.2.5 | 233.23 | 112.53 | 345.76 | OK | |
| r-devel-linux-x86_64-debian-gcc | 1.2.5 | 160.38 | 82.95 | 243.33 | OK | |
| r-devel-linux-x86_64-fedora-clang | 1.2.5 | 279.00 | 364.25 | 643.25 | OK | |
| r-devel-linux-x86_64-fedora-gcc | 1.2.5 | 279.00 | 367.30 | 646.30 | OK | |
| r-devel-windows-x86_64 | 1.2.5 | 288.00 | 168.00 | 456.00 | OK | |
| r-patched-linux-x86_64 | 1.2.5 | 252.25 | 108.03 | 360.28 | OK | |
| r-release-linux-x86_64 | 1.2.5 | 245.70 | 107.92 | 353.62 | OK | |
| r-release-macos-arm64 | 1.2.5 | 81.00 | 61.00 | 142.00 | OK | |
| r-release-macos-x86_64 | 1.2.5 | 110.00 | 209.00 | 319.00 | OK | |
| r-release-windows-x86_64 | 1.2.5 | 264.00 | 169.00 | 433.00 | OK | |
| r-oldrel-macos-arm64 | 1.2.5 | 76.00 | 68.00 | 144.00 | NOTE | |
| r-oldrel-macos-x86_64 | 1.2.5 | 116.00 | 183.00 | 299.00 | NOTE | |
| r-oldrel-windows-x86_64 | 1.2.5 | 320.00 | 200.00 | 520.00 | OK |
Version: 1.2.5
Check: installed package size
Result: NOTE
installed size is 24.6Mb
sub-directories of 1Mb or more:
libs 23.6Mb
Flavors: r-oldrel-macos-arm64, r-oldrel-macos-x86_64