Last updated on 2024-07-13 05:49:18 CEST.
Flavor | Version | Tinstall | Tcheck | Ttotal | Status | Flags |
---|---|---|---|---|---|---|
r-devel-linux-x86_64-debian-clang | 1.0.3 | 3.28 | 90.31 | 93.59 | OK | |
r-devel-linux-x86_64-debian-gcc | 1.0.3 | 2.35 | 67.64 | 69.99 | OK | |
r-devel-linux-x86_64-fedora-clang | 1.0.3 | 117.88 | OK | |||
r-devel-linux-x86_64-fedora-gcc | 1.0.3 | 125.19 | OK | |||
r-devel-windows-x86_64 | 1.0.3 | 4.00 | 94.00 | 98.00 | OK | |
r-patched-linux-x86_64 | 1.0.3 | 3.56 | 88.58 | 92.14 | OK | |
r-release-linux-x86_64 | 1.0.3 | 2.02 | 87.99 | 90.01 | OK | |
r-release-macos-arm64 | 1.0.3 | 37.00 | NOTE | |||
r-release-macos-x86_64 | 1.0.3 | 74.00 | OK | |||
r-release-windows-x86_64 | 1.0.3 | 4.00 | 93.00 | 97.00 | OK | |
r-oldrel-macos-arm64 | 1.0.3 | 58.00 | NOTE | |||
r-oldrel-macos-x86_64 | 1.0.3 | 94.00 | NOTE | |||
r-oldrel-windows-x86_64 | 1.0.3 | 5.00 | 103.00 | 108.00 | OK |
Version: 1.0.3
Check: package dependencies
Result: NOTE
Package suggested but not available for checking: ‘dittoSeq’
Flavors: r-release-macos-arm64, r-oldrel-macos-arm64, r-oldrel-macos-x86_64