Last updated on 2025-11-16 18:49:35 CET.
| Flavor | Version | Tinstall | Tcheck | Ttotal | Status | Flags |
|---|---|---|---|---|---|---|
| r-devel-linux-x86_64-debian-clang | 1.2.1 | 2.67 | 30.74 | 33.41 | OK | |
| r-devel-linux-x86_64-debian-gcc | 1.2.1 | 2.41 | 23.73 | 26.14 | NOTE | |
| r-devel-linux-x86_64-fedora-clang | 1.2.1 | 49.54 | OK | |||
| r-devel-linux-x86_64-fedora-gcc | 1.2.1 | 46.66 | OK | |||
| r-devel-windows-x86_64 | 1.2.1 | 6.00 | 44.00 | 50.00 | OK | |
| r-patched-linux-x86_64 | 1.2.1 | 2.80 | 27.72 | 30.52 | OK | |
| r-release-linux-x86_64 | 1.2.1 | 2.98 | 27.87 | 30.85 | OK | |
| r-release-macos-arm64 | 1.2.1 | 2.00 | 18.00 | 20.00 | OK | |
| r-release-macos-x86_64 | 1.2.1 | 3.00 | 32.00 | 35.00 | OK | |
| r-release-windows-x86_64 | 1.2.1 | 5.00 | 46.00 | 51.00 | OK | |
| r-oldrel-macos-arm64 | 1.2.1 | 2.00 | 17.00 | 19.00 | OK | |
| r-oldrel-macos-x86_64 | 1.2.1 | 3.00 | 24.00 | 27.00 | OK | |
| r-oldrel-windows-x86_64 | 1.2.1 | 5.00 | 53.00 | 58.00 | OK |
Version: 1.2.1
Check: CRAN incoming feasibility
Result: NOTE
Maintainer: ‘Toshiaki Ara <toshiaki.ara@gmail.com>’
The BugReports field in DESCRIPTION has
https://github.com/toshi-ara/makedummies/issues/
which should likely be
https://github.com/toshi-ara/makedummies/issues/issues
instead.
Flavor: r-devel-linux-x86_64-debian-gcc