Last updated on 2025-10-23 05:51:58 CEST.
Flavor | Version | Tinstall | Tcheck | Ttotal | Status | Flags |
---|---|---|---|---|---|---|
r-devel-linux-x86_64-debian-clang | 1.6.4 | 8.63 | 251.59 | 260.22 | NOTE | |
r-devel-linux-x86_64-debian-gcc | 1.6.4 | 5.66 | 168.43 | 174.09 | OK | |
r-devel-linux-x86_64-fedora-clang | 1.6.4 | 24.00 | 387.60 | 411.60 | OK | |
r-devel-linux-x86_64-fedora-gcc | 1.6.4 | 19.00 | 385.67 | 404.67 | OK | |
r-devel-windows-x86_64 | 1.6.4 | 11.00 | 308.00 | 319.00 | OK | |
r-patched-linux-x86_64 | 1.6.4 | 8.75 | 238.83 | 247.58 | OK | |
r-release-linux-x86_64 | 1.6.4 | 7.88 | 244.88 | 252.76 | OK | |
r-release-macos-arm64 | 1.6.4 | 4.00 | 141.00 | 145.00 | OK | |
r-release-macos-x86_64 | 1.6.4 | 4.00 | 180.00 | 184.00 | OK | |
r-release-windows-x86_64 | 1.6.4 | 10.00 | 319.00 | 329.00 | OK | |
r-oldrel-macos-arm64 | 1.6.4 | 4.00 | 180.00 | 184.00 | OK | |
r-oldrel-macos-x86_64 | 1.6.4 | 4.00 | 198.00 | 202.00 | OK | |
r-oldrel-windows-x86_64 | 1.6.4 | 14.00 | 411.00 | 425.00 | OK |
Version: 1.6.4
Check: HTML version of manual
Result: NOTE
Found the following HTML validation problems:
autoplot.default.html:51:1 (autoplot.default.Rd:12): Warning: missing </ul> before </div>
extractLayerValues.html:54:1 (extractLayerValues.Rd:14): Warning: missing </ul> before </div>
isMaskedRaster.html:46:1 (isMaskedRaster.Rd:10): Warning: missing </ul> before </div>
listData.html:54:1 (listData.Rd:14): Warning: missing </ul> before </div>
listPoints.html:55:1 (listPoints.Rd:15): Warning: missing </ul> before </div>
Flavor: r-devel-linux-x86_64-debian-clang