Last updated on 2024-07-13 11:49:18 CEST.
Flavor | Version | Tinstall | Tcheck | Ttotal | Status | Flags |
---|---|---|---|---|---|---|
r-devel-linux-x86_64-debian-clang | 0.4.1 | 224.12 | 403.29 | 627.41 | NOTE | |
r-devel-linux-x86_64-debian-gcc | 0.4.1 | 139.07 | 283.05 | 422.12 | NOTE | |
r-devel-linux-x86_64-fedora-clang | 0.4.1 | 828.82 | NOTE | |||
r-devel-linux-x86_64-fedora-gcc | 0.4.1 | 820.94 | NOTE | |||
r-devel-windows-x86_64 | 0.4.1 | 152.00 | 287.00 | 439.00 | NOTE | |
r-patched-linux-x86_64 | 0.4.1 | 186.65 | 381.89 | 568.54 | NOTE | |
r-release-linux-x86_64 | 0.4.1 | 172.03 | 386.04 | 558.07 | NOTE | |
r-release-macos-arm64 | 0.4.1 | 285.00 | NOTE | |||
r-release-macos-x86_64 | 0.4.1 | 271.00 | NOTE | |||
r-release-windows-x86_64 | 0.4.1 | 163.00 | 292.00 | 455.00 | NOTE | |
r-oldrel-macos-arm64 | 0.4.1 | 110.00 | NOTE | |||
r-oldrel-macos-x86_64 | 0.4.1 | 168.00 | NOTE | |||
r-oldrel-windows-x86_64 | 0.4.1 | 177.00 | 359.00 | 536.00 | NOTE |
Version: 0.4.1
Check: for GNU extensions in Makefiles
Result: NOTE
GNU make is a SystemRequirements.
Flavors: r-devel-linux-x86_64-debian-clang, r-devel-linux-x86_64-debian-gcc, r-devel-linux-x86_64-fedora-clang, r-devel-linux-x86_64-fedora-gcc, r-devel-windows-x86_64, r-patched-linux-x86_64, r-release-linux-x86_64, r-release-macos-arm64, r-release-macos-x86_64, r-release-windows-x86_64, r-oldrel-macos-arm64, r-oldrel-macos-x86_64, r-oldrel-windows-x86_64
Version: 0.4.1
Check: installed package size
Result: NOTE
installed size is 7.6Mb
sub-directories of 1Mb or more:
R 2.7Mb
data 2.4Mb
Flavors: r-devel-linux-x86_64-fedora-clang, r-devel-windows-x86_64, r-release-macos-arm64, r-release-macos-x86_64, r-release-windows-x86_64, r-oldrel-macos-arm64, r-oldrel-macos-x86_64, r-oldrel-windows-x86_64