Last updated on 2025-05-17 07:50:23 CEST.
Flavor | Version | Tinstall | Tcheck | Ttotal | Status | Flags |
---|---|---|---|---|---|---|
r-devel-linux-x86_64-debian-clang | 0.6.0 | 24.47 | 26.57 | 51.04 | OK | |
r-devel-linux-x86_64-debian-gcc | 0.6.0 | 20.23 | 21.14 | 41.37 | OK | |
r-devel-linux-x86_64-fedora-clang | 0.6.0 | 86.23 | OK | |||
r-devel-linux-x86_64-fedora-gcc | 0.6.0 | 104.40 | OK | |||
r-devel-windows-x86_64 | 0.6.0 | 27.00 | 74.00 | 101.00 | OK | |
r-patched-linux-x86_64 | 0.6.0 | 27.96 | 25.85 | 53.81 | OK | |
r-release-linux-x86_64 | 0.6.0 | 27.54 | 25.94 | 53.48 | OK | |
r-release-macos-arm64 | 0.6.0 | 30.00 | OK | |||
r-release-macos-x86_64 | 0.6.0 | 48.00 | OK | |||
r-release-windows-x86_64 | 0.6.0 | 30.00 | 71.00 | 101.00 | OK | |
r-oldrel-macos-arm64 | 0.6.0 | 32.00 | NOTE | |||
r-oldrel-macos-x86_64 | 0.6.0 | 49.00 | NOTE | |||
r-oldrel-windows-x86_64 | 0.6.0 | 26.00 | 82.00 | 108.00 | NOTE |
Version: 0.6.0
Check: installed package size
Result: NOTE
installed size is 6.1Mb
sub-directories of 1Mb or more:
libs 6.0Mb
Flavors: r-oldrel-macos-arm64, r-oldrel-macos-x86_64
Version: 0.6.0
Check: for GNU extensions in Makefiles
Result: NOTE
GNU make is a SystemRequirements.
Flavors: r-oldrel-macos-arm64, r-oldrel-macos-x86_64, r-oldrel-windows-x86_64