Last updated on 2024-07-13 05:49:18 CEST.
Flavor | Version | Tinstall | Tcheck | Ttotal | Status | Flags |
---|---|---|---|---|---|---|
r-devel-linux-x86_64-debian-clang | 0.4.0 | 40.56 | 34.04 | 74.60 | NOTE | |
r-devel-linux-x86_64-debian-gcc | 0.4.0 | 30.53 | 25.57 | 56.10 | NOTE | |
r-devel-linux-x86_64-fedora-clang | 0.4.0 | 101.52 | NOTE | |||
r-devel-linux-x86_64-fedora-gcc | 0.4.0 | 108.98 | NOTE | |||
r-devel-windows-x86_64 | 0.4.0 | 30.00 | 65.00 | 95.00 | NOTE | |
r-patched-linux-x86_64 | 0.4.0 | 36.13 | 32.44 | 68.57 | NOTE | |
r-release-linux-x86_64 | 0.4.0 | 34.42 | 32.21 | 66.63 | NOTE | |
r-release-macos-arm64 | 0.4.0 | 30.00 | NOTE | |||
r-release-macos-x86_64 | 0.4.0 | 64.00 | NOTE | |||
r-release-windows-x86_64 | 0.4.0 | 32.00 | 72.00 | 104.00 | NOTE | |
r-oldrel-macos-arm64 | 0.4.0 | 36.00 | NOTE | |||
r-oldrel-macos-x86_64 | 0.4.0 | 75.00 | NOTE | |||
r-oldrel-windows-x86_64 | 0.4.0 | 30.00 | 79.00 | 109.00 | NOTE |
Version: 0.4.0
Check: for GNU extensions in Makefiles
Result: NOTE
GNU make is a SystemRequirements.
Flavors: r-devel-linux-x86_64-debian-clang, r-devel-linux-x86_64-debian-gcc, r-devel-linux-x86_64-fedora-clang, r-devel-linux-x86_64-fedora-gcc, r-devel-windows-x86_64, r-patched-linux-x86_64, r-release-linux-x86_64, r-release-macos-arm64, r-release-macos-x86_64, r-release-windows-x86_64, r-oldrel-macos-arm64, r-oldrel-macos-x86_64, r-oldrel-windows-x86_64
Version: 0.4.0
Check: installed package size
Result: NOTE
installed size is 6.1Mb
sub-directories of 1Mb or more:
libs 6.0Mb
Flavors: r-release-macos-arm64, r-release-macos-x86_64, r-oldrel-macos-arm64, r-oldrel-macos-x86_64