Last updated on 2024-07-13 05:49:18 CEST.
Flavor | Version | Tinstall | Tcheck | Ttotal | Status | Flags |
---|---|---|---|---|---|---|
r-devel-linux-x86_64-debian-clang | 1.1 | 3.43 | 70.03 | 73.46 | NOTE | |
r-devel-linux-x86_64-debian-gcc | 1.1 | 1.74 | 50.74 | 52.48 | NOTE | |
r-devel-linux-x86_64-fedora-clang | 1.1 | 91.71 | NOTE | |||
r-devel-linux-x86_64-fedora-gcc | 1.1 | 104.55 | NOTE | |||
r-devel-windows-x86_64 | 1.1 | 6.00 | 79.00 | 85.00 | NOTE | |
r-patched-linux-x86_64 | 1.1 | 3.39 | 66.41 | 69.80 | NOTE | |
r-release-linux-x86_64 | 1.1 | 2.40 | 65.82 | 68.22 | NOTE | |
r-release-macos-arm64 | 1.1 | 38.00 | NOTE | |||
r-release-macos-x86_64 | 1.1 | 58.00 | NOTE | |||
r-release-windows-x86_64 | 1.1 | 4.00 | 78.00 | 82.00 | NOTE | |
r-oldrel-macos-arm64 | 1.1 | 40.00 | OK | |||
r-oldrel-macos-x86_64 | 1.1 | 58.00 | OK | |||
r-oldrel-windows-x86_64 | 1.1 | 5.00 | 87.00 | 92.00 | OK |
Version: 1.1
Check: Rd files
Result: NOTE
checkRd: (-1) focalCompare.Rd:14: Lost braces
14 | \item{fun}{The function fun should take multiple numbers, and return a single number. For example mean, modal, min or max. It should also accept a na.rm argument (or ignore it, e.g. as one of the 'dots' arguments. For example, length will fail, but function(x, ...){na.omit(length(x))} works. (Specifications from `raster::focal`)}
| ^
Flavors: r-devel-linux-x86_64-debian-clang, r-devel-linux-x86_64-debian-gcc, r-devel-linux-x86_64-fedora-clang, r-devel-linux-x86_64-fedora-gcc, r-devel-windows-x86_64, r-patched-linux-x86_64, r-release-linux-x86_64, r-release-macos-arm64, r-release-macos-x86_64, r-release-windows-x86_64