Last updated on 2024-06-27 16:49:08 CEST.
Flavor | Version | Tinstall | Tcheck | Ttotal | Status | Flags |
---|---|---|---|---|---|---|
r-devel-linux-x86_64-debian-clang | 0.1.3 | NOTE | ||||
r-devel-linux-x86_64-debian-gcc | 0.1.3 | 3.86 | 37.03 | 40.89 | NOTE | |
r-devel-linux-x86_64-fedora-clang | 0.1.3 | 69.61 | NOTE | |||
r-devel-linux-x86_64-fedora-gcc | 0.1.3 | 76.33 | NOTE | |||
r-devel-windows-x86_64 | 0.1.3 | 5.00 | 58.00 | 63.00 | NOTE | |
r-patched-linux-x86_64 | 0.1.3 | 4.03 | 46.71 | 50.74 | NOTE | |
r-release-linux-x86_64 | 0.1.3 | 3.03 | 47.11 | 50.14 | NOTE | |
r-release-macos-arm64 | 0.1.3 | 29.00 | NOTE | |||
r-release-macos-x86_64 | 0.1.3 | 44.00 | NOTE | |||
r-release-windows-x86_64 | 0.1.3 | 5.00 | 57.00 | 62.00 | NOTE | |
r-oldrel-macos-arm64 | 0.1.3 | 31.00 | NOTE | |||
r-oldrel-macos-x86_64 | 0.1.3 | 45.00 | NOTE | |||
r-oldrel-windows-x86_64 | 0.1.3 | 7.00 | 62.00 | 69.00 | NOTE |
Version: 0.1.3
Check: LazyData
Result: NOTE
'LazyData' is specified without a 'data' directory
Flavors: r-devel-linux-x86_64-debian-clang, r-devel-linux-x86_64-debian-gcc, r-devel-linux-x86_64-fedora-clang, r-devel-linux-x86_64-fedora-gcc, r-devel-windows-x86_64, r-patched-linux-x86_64, r-release-linux-x86_64, r-release-macos-arm64, r-release-macos-x86_64, r-release-windows-x86_64, r-oldrel-macos-arm64, r-oldrel-macos-x86_64, r-oldrel-windows-x86_64