Last updated on 2025-11-16 18:49:35 CET.
| Flavor | Version | Tinstall | Tcheck | Ttotal | Status | Flags |
|---|---|---|---|---|---|---|
| r-devel-linux-x86_64-debian-clang | 1.2.0 | 5.01 | 35.35 | 40.36 | OK | |
| r-devel-linux-x86_64-debian-gcc | 1.2.0 | 3.87 | 27.71 | 31.58 | NOTE | |
| r-devel-linux-x86_64-fedora-clang | 1.2.0 | 13.00 | 47.19 | 60.19 | OK | |
| r-devel-linux-x86_64-fedora-gcc | 1.2.0 | 11.00 | 46.15 | 57.15 | OK | |
| r-devel-windows-x86_64 | 1.2.0 | 9.00 | 52.00 | 61.00 | OK | |
| r-patched-linux-x86_64 | 1.2.0 | 5.66 | 32.93 | 38.59 | OK | |
| r-release-linux-x86_64 | 1.2.0 | 5.53 | 32.51 | 38.04 | OK | |
| r-release-macos-arm64 | 1.2.0 | 3.00 | 25.00 | 28.00 | OK | |
| r-release-macos-x86_64 | 1.2.0 | 7.00 | 35.00 | 42.00 | OK | |
| r-release-windows-x86_64 | 1.2.0 | 8.00 | 56.00 | 64.00 | OK | |
| r-oldrel-macos-arm64 | 1.2.0 | 3.00 | 20.00 | 23.00 | OK | |
| r-oldrel-macos-x86_64 | 1.2.0 | 4.00 | 28.00 | 32.00 | OK | |
| r-oldrel-windows-x86_64 | 1.2.0 | 9.00 | 59.00 | 68.00 | OK |
Version: 1.2.0
Check: CRAN incoming feasibility
Result: NOTE
Maintainer: ‘Hiroyuki Tsuda <tsuda16k@gmail.com>’
The BugReports field in DESCRIPTION has
https://github.com/tsuda16k/materialmodifier/issues/
which should likely be
https://github.com/tsuda16k/materialmodifier/issues/issues
instead.
Flavor: r-devel-linux-x86_64-debian-gcc