Last updated on 2025-10-04 22:51:15 CEST.
Flavor | Version | Tinstall | Tcheck | Ttotal | Status | Flags |
---|---|---|---|---|---|---|
r-devel-linux-x86_64-debian-clang | 0.8.2 | 13.36 | 68.13 | 81.49 | OK | |
r-devel-linux-x86_64-debian-gcc | 0.8.2 | 10.16 | 52.76 | 62.92 | OK | |
r-devel-linux-x86_64-fedora-clang | 0.8.2 | 132.26 | OK | |||
r-devel-linux-x86_64-fedora-gcc | 0.8.2 | 138.56 | OK | |||
r-devel-windows-x86_64 | 0.8.2 | 19.00 | 97.00 | 116.00 | OK | |
r-patched-linux-x86_64 | 0.8.2 | 13.91 | 63.39 | 77.30 | OK | |
r-release-linux-x86_64 | 0.8.2 | 13.77 | 62.57 | 76.34 | OK | |
r-release-macos-arm64 | 0.8.2 | 61.00 | OK | |||
r-release-macos-x86_64 | 0.8.2 | 73.00 | OK | |||
r-release-windows-x86_64 | 0.8.2 | 19.00 | 98.00 | 117.00 | OK | |
r-oldrel-macos-arm64 | 0.8.2 | 41.00 | NOTE | |||
r-oldrel-macos-x86_64 | 0.8.2 | 61.00 | NOTE | |||
r-oldrel-windows-x86_64 | 0.8.2 | 23.00 | 121.00 | 144.00 | NOTE |
Version: 0.8.2
Check: LazyData
Result: NOTE
'LazyData' is specified without a 'data' directory
Flavors: r-oldrel-macos-arm64, r-oldrel-macos-x86_64, r-oldrel-windows-x86_64