Last updated on 2024-07-13 05:49:18 CEST.
Flavor | Version | Tinstall | Tcheck | Ttotal | Status | Flags |
---|---|---|---|---|---|---|
r-devel-linux-x86_64-debian-clang | 0.8.11 | 31.39 | 194.58 | 225.97 | OK | |
r-devel-linux-x86_64-debian-gcc | 0.8.11 | 18.59 | 147.10 | 165.69 | OK | |
r-devel-linux-x86_64-fedora-clang | 0.8.11 | 303.16 | OK | |||
r-devel-linux-x86_64-fedora-gcc | 0.8.11 | 298.46 | OK | |||
r-devel-windows-x86_64 | 0.8.11 | 27.00 | 221.00 | 248.00 | NOTE | |
r-patched-linux-x86_64 | 0.8.11 | 28.46 | 188.18 | 216.64 | OK | |
r-release-linux-x86_64 | 0.8.11 | 24.70 | 189.16 | 213.86 | OK | |
r-release-macos-arm64 | 0.8.11 | 86.00 | OK | |||
r-release-macos-x86_64 | 0.8.11 | 135.00 | OK | |||
r-release-windows-x86_64 | 0.8.11 | 24.00 | 217.00 | 241.00 | OK | |
r-oldrel-macos-arm64 | 0.8.11 | 96.00 | OK | |||
r-oldrel-macos-x86_64 | 0.8.11 | 187.00 | OK | |||
r-oldrel-windows-x86_64 | 0.8.11 | 32.00 | 253.00 | 285.00 | OK |
Version: 0.8.11
Check: Rd cross-references
Result: NOTE
Found the following Rd file(s) with Rd \link{} targets missing package
anchors:
fitDR.Rd: mledist, mmedist, constrOptim.nl, gofstat, plotdist,
cdfcomp, bootdist, qmedist, mgedist, denscomp, qqcomp, ppcomp
Please provide package anchors for all Rd \link{} targets not in the
package itself and the base packages.
Flavor: r-devel-windows-x86_64