CRAN Package Check Results for Package mbend

Last updated on 2025-11-16 06:49:42 CET.

Flavor Version Tinstall Tcheck Ttotal Status Flags
r-devel-linux-x86_64-debian-clang 1.3.1 1.74 25.64 27.38 OK
r-devel-linux-x86_64-debian-gcc 1.3.1 1.33 21.01 22.34 OK
r-devel-linux-x86_64-fedora-clang 1.3.1 40.37 OK
r-devel-linux-x86_64-fedora-gcc 1.3.1 52.00 OK
r-devel-windows-x86_64 1.3.1 3.00 43.00 46.00 OK
r-patched-linux-x86_64 1.3.1 1.61 23.32 24.93 OK
r-release-linux-x86_64 1.3.1 1.73 23.19 24.92 OK
r-release-macos-arm64 1.3.1 1.00 22.00 23.00 OK
r-release-macos-x86_64 1.3.1 2.00 41.00 43.00 OK
r-release-windows-x86_64 1.3.1 3.00 43.00 46.00 OK
r-oldrel-macos-arm64 1.3.1 1.00 20.00 21.00 NOTE
r-oldrel-macos-x86_64 1.3.1 1.00 34.00 35.00 NOTE
r-oldrel-windows-x86_64 1.3.1 5.00 49.00 54.00 NOTE

Check Details

Version: 1.3.1
Check: LazyData
Result: NOTE 'LazyData' is specified without a 'data' directory Flavors: r-oldrel-macos-arm64, r-oldrel-macos-x86_64, r-oldrel-windows-x86_64