CRAN Package Check Results for Package mcbiopi

Last updated on 2025-04-29 13:51:30 CEST.

Flavor Version Tinstall Tcheck Ttotal Status Flags
r-devel-linux-x86_64-debian-clang 1.1.6 1.71 18.33 20.04 NOTE
r-devel-linux-x86_64-debian-gcc 1.1.6 1.37 14.90 16.27 NOTE
r-devel-linux-x86_64-fedora-clang 1.1.6 30.88 OK
r-devel-linux-x86_64-fedora-gcc 1.1.6 29.61 OK
r-devel-windows-x86_64 1.1.6 2.00 39.00 41.00 OK
r-patched-linux-x86_64 1.1.6 1.86 17.72 19.58 OK
r-release-linux-x86_64 1.1.6 1.68 17.30 18.98 OK
r-release-macos-arm64 1.1.6 16.00 OK
r-release-macos-x86_64 1.1.6 23.00 OK
r-release-windows-x86_64 1.1.6 2.00 43.00 45.00 OK
r-oldrel-macos-arm64 1.1.6 14.00 OK
r-oldrel-macos-x86_64 1.1.6 28.00 OK
r-oldrel-windows-x86_64 1.1.6 3.00 39.00 42.00 OK

Check Details

Version: 1.1.6
Check: CRAN incoming feasibility
Result: NOTE Maintainer: ‘Holger Schwender <holger.schw@gmx.de>’ No Authors@R field in DESCRIPTION. Please add one, modifying Authors@R: person(given = "Holger", family = "Schwender", role = c("aut", "cre"), email = "holger.schw@gmx.de") as necessary. Flavors: r-devel-linux-x86_64-debian-clang, r-devel-linux-x86_64-debian-gcc