Last updated on 2025-11-16 12:49:35 CET.
| Flavor | Version | Tinstall | Tcheck | Ttotal | Status | Flags |
|---|---|---|---|---|---|---|
| r-devel-linux-x86_64-debian-clang | 1.1.1 | 10.52 | 125.21 | 135.73 | NOTE | |
| r-devel-linux-x86_64-debian-gcc | 1.1.1 | 7.62 | 86.97 | 94.59 | NOTE | |
| r-devel-linux-x86_64-fedora-clang | 1.1.1 | 22.00 | 192.04 | 214.04 | OK | |
| r-devel-linux-x86_64-fedora-gcc | 1.1.1 | 21.00 | 296.33 | 317.33 | OK | |
| r-devel-windows-x86_64 | 1.1.1 | 14.00 | 129.00 | 143.00 | OK | |
| r-patched-linux-x86_64 | 1.1.1 | 10.80 | 119.47 | 130.27 | OK | |
| r-release-linux-x86_64 | 1.1.1 | 9.87 | 119.60 | 129.47 | OK | |
| r-release-macos-arm64 | 1.1.1 | 4.00 | 120.00 | 124.00 | OK | |
| r-release-macos-x86_64 | 1.1.1 | 6.00 | 220.00 | 226.00 | OK | |
| r-release-windows-x86_64 | 1.1.1 | 12.00 | 130.00 | 142.00 | OK | |
| r-oldrel-macos-arm64 | 1.1.1 | 4.00 | 95.00 | 99.00 | OK | |
| r-oldrel-macos-x86_64 | 1.1.1 | 6.00 | 188.00 | 194.00 | OK | |
| r-oldrel-windows-x86_64 | 1.1.1 | 28.00 | 162.00 | 190.00 | OK |
Version: 1.1.1
Check: CRAN incoming feasibility
Result: NOTE
Maintainer: ‘Hannah Comiskey <hannah.comiskey.2015@mumail.ie>’
The Description field contains
<arXiv:2212.03844>.
Please refer to arXiv e-prints via their arXiv DOI <doi:10.48550/arXiv.YYMM.NNNNN>.
Flavors: r-devel-linux-x86_64-debian-clang, r-devel-linux-x86_64-debian-gcc