CRAN Package Check Results for Package mcparallelDo

Last updated on 2025-07-18 07:49:35 CEST.

Flavor Version Tinstall Tcheck Ttotal Status Flags
r-devel-linux-x86_64-debian-clang 1.1.0 1.96 23.59 25.55 NOTE
r-devel-linux-x86_64-debian-gcc 1.1.0 2.15 19.73 21.88 NOTE
r-devel-linux-x86_64-fedora-clang 1.1.0 41.68 OK
r-devel-linux-x86_64-fedora-gcc 1.1.0 38.96 OK
r-devel-windows-x86_64 1.1.0 3.00 54.00 57.00 OK
r-patched-linux-x86_64 1.1.0 2.91 22.37 25.28 OK
r-release-linux-x86_64 1.1.0 2.71 22.37 25.08 OK
r-release-macos-arm64 1.1.0 25.00 OK
r-release-macos-x86_64 1.1.0 33.00 OK
r-release-windows-x86_64 1.1.0 4.00 57.00 61.00 OK
r-oldrel-macos-arm64 1.1.0 24.00 OK
r-oldrel-macos-x86_64 1.1.0 30.00 OK
r-oldrel-windows-x86_64 1.1.0 6.00 61.00 67.00 OK

Check Details

Version: 1.1.0
Check: CRAN incoming feasibility
Result: NOTE Maintainer: ‘Russell S. Pierce <russell.s.pierce@gmail.com>’ No Authors@R field in DESCRIPTION. Please add one, modifying Authors@R: person(given = c("Russell", "S."), family = "Pierce", role = c("aut", "cre"), email = "russell.s.pierce@gmail.com") as necessary. Flavors: r-devel-linux-x86_64-debian-clang, r-devel-linux-x86_64-debian-gcc