Last updated on 2024-07-13 11:49:18 CEST.
Flavor | Version | Tinstall | Tcheck | Ttotal | Status | Flags |
---|---|---|---|---|---|---|
r-devel-linux-x86_64-debian-clang | 1.1.0 | 18.74 | 246.06 | 264.80 | OK | |
r-devel-linux-x86_64-debian-gcc | 1.1.0 | 13.19 | 178.56 | 191.75 | OK | |
r-devel-linux-x86_64-fedora-clang | 1.1.0 | 327.49 | NOTE | |||
r-devel-linux-x86_64-fedora-gcc | 1.1.0 | 338.42 | OK | |||
r-devel-windows-x86_64 | 1.1.0 | 18.00 | 187.00 | 205.00 | NOTE | |
r-patched-linux-x86_64 | 1.1.0 | 18.53 | 238.16 | 256.69 | OK | |
r-release-linux-x86_64 | 1.1.0 | 11.22 | 234.19 | 245.41 | OK | |
r-release-macos-arm64 | 1.1.0 | 93.00 | OK | |||
r-release-macos-x86_64 | 1.1.0 | 137.00 | OK | |||
r-release-windows-x86_64 | 1.1.0 | 16.00 | 189.00 | 205.00 | OK | |
r-oldrel-macos-arm64 | 1.1.0 | 89.00 | OK | |||
r-oldrel-macos-x86_64 | 1.1.0 | 169.00 | OK | |||
r-oldrel-windows-x86_64 | 1.1.0 | 22.00 | 234.00 | 256.00 | OK |
Version: 1.1.0
Check: Rd cross-references
Result: NOTE
Undeclared package ‘cli’ in Rd xrefs
Flavor: r-devel-linux-x86_64-fedora-clang
Version: 1.1.0
Check: Rd cross-references
Result: NOTE
Found the following Rd file(s) with Rd \link{} targets missing package
anchors:
spearmanTest.Rd: boot
Please provide package anchors for all Rd \link{} targets not in the
package itself and the base packages.
Flavor: r-devel-windows-x86_64