CRAN Package Check Results for Package mctq

Last updated on 2025-11-16 12:49:35 CET.

Flavor Version Tinstall Tcheck Ttotal Status Flags
r-devel-linux-x86_64-debian-clang 0.3.2 9.91 142.99 152.90 OK
r-devel-linux-x86_64-debian-gcc 0.3.2 6.84 99.79 106.63 NOTE
r-devel-linux-x86_64-fedora-clang 0.3.2 20.00 215.07 235.07 OK
r-devel-linux-x86_64-fedora-gcc 0.3.2 18.00 216.68 234.68 OK
r-devel-windows-x86_64 0.3.2 15.00 160.00 175.00 OK
r-patched-linux-x86_64 0.3.2 11.47 130.50 141.97 OK
r-release-linux-x86_64 0.3.2 9.03 132.50 141.53 OK
r-release-macos-arm64 0.3.2 8.00 114.00 122.00 OK
r-release-macos-x86_64 0.3.2 7.00 115.00 122.00 OK
r-release-windows-x86_64 0.3.2 14.00 168.00 182.00 OK
r-oldrel-macos-arm64 0.3.2 4.00 61.00 65.00 OK
r-oldrel-macos-x86_64 0.3.2 6.00 94.00 100.00 OK
r-oldrel-windows-x86_64 0.3.2 18.00 200.00 218.00 OK

Check Details

Version: 0.3.2
Check: CRAN incoming feasibility
Result: NOTE Maintainer: ‘Daniel Vartanian <danvartan@gmail.com>’ The BugReports field in DESCRIPTION has https://github.com/ropensci/mctq/issues/ which should likely be https://github.com/ropensci/mctq/issues/issues instead. Flavor: r-devel-linux-x86_64-debian-gcc