Last updated on 2025-11-16 00:48:37 CET.
| Flavor | Version | Tinstall | Tcheck | Ttotal | Status | Flags |
|---|---|---|---|---|---|---|
| r-devel-linux-x86_64-debian-clang | 1.0.8 | 7.79 | 88.74 | 96.53 | NOTE | |
| r-devel-linux-x86_64-debian-gcc | 1.0.8 | 5.67 | 62.19 | 67.86 | NOTE | |
| r-devel-linux-x86_64-fedora-clang | 1.0.8 | 17.00 | 130.86 | 147.86 | NOTE | |
| r-devel-linux-x86_64-fedora-gcc | 1.0.8 | 16.00 | 137.29 | 153.29 | NOTE | |
| r-devel-windows-x86_64 | 1.0.8 | 13.00 | 92.00 | 105.00 | NOTE | |
| r-patched-linux-x86_64 | 1.0.8 | 7.95 | 81.82 | 89.77 | NOTE | |
| r-release-linux-x86_64 | 1.0.8 | 7.93 | 81.55 | 89.48 | NOTE | |
| r-release-macos-arm64 | 1.0.8 | 5.00 | 79.00 | 84.00 | NOTE | |
| r-release-macos-x86_64 | 1.0.8 | 5.00 | 75.00 | 80.00 | NOTE | |
| r-release-windows-x86_64 | 1.0.8 | 11.00 | 90.00 | 101.00 | NOTE | |
| r-oldrel-macos-arm64 | 1.0.8 | 3.00 | 38.00 | 41.00 | NOTE | |
| r-oldrel-macos-x86_64 | 1.0.8 | 4.00 | 58.00 | 62.00 | NOTE | |
| r-oldrel-windows-x86_64 | 1.0.8 | 12.00 | 112.00 | 124.00 | NOTE |
Version: 1.0.8
Check: Rd files
Result: NOTE
checkRd: (-1) mcvis.Rd:32: Lost braces in \itemize; \value handles \item{}{} directly
checkRd: (-1) mcvis.Rd:33: Lost braces in \itemize; \value handles \item{}{} directly
checkRd: (-1) mcvis.Rd:34: Lost braces in \itemize; \value handles \item{}{} directly
Flavors: r-devel-linux-x86_64-debian-clang, r-devel-linux-x86_64-debian-gcc, r-devel-linux-x86_64-fedora-clang, r-devel-linux-x86_64-fedora-gcc, r-devel-windows-x86_64, r-patched-linux-x86_64, r-release-linux-x86_64, r-release-macos-arm64, r-release-macos-x86_64, r-release-windows-x86_64, r-oldrel-macos-arm64, r-oldrel-macos-x86_64, r-oldrel-windows-x86_64