Last updated on 2025-05-17 07:50:23 CEST.
Flavor | Version | Tinstall | Tcheck | Ttotal | Status | Flags |
---|---|---|---|---|---|---|
r-devel-linux-x86_64-debian-clang | 2.2.1 | 21.61 | 60.29 | 81.90 | NOTE | |
r-devel-linux-x86_64-debian-gcc | 2.2.1 | 15.20 | 46.69 | 61.89 | NOTE | |
r-devel-linux-x86_64-fedora-clang | 2.2.1 | 161.06 | OK | |||
r-devel-linux-x86_64-fedora-gcc | 2.2.1 | 146.90 | OK | |||
r-devel-windows-x86_64 | 2.2.1 | 30.00 | 80.00 | 110.00 | NOTE | |
r-patched-linux-x86_64 | 2.2.1 | 20.39 | 58.15 | 78.54 | NOTE | |
r-release-linux-x86_64 | 2.2.1 | 20.99 | 58.69 | 79.68 | NOTE | |
r-release-macos-arm64 | 2.2.1 | 84.00 | OK | |||
r-release-macos-x86_64 | 2.2.1 | 68.00 | OK | |||
r-release-windows-x86_64 | 2.2.1 | 28.00 | 79.00 | 107.00 | NOTE | |
r-oldrel-macos-arm64 | 2.2.1 | 37.00 | OK | |||
r-oldrel-macos-x86_64 | 2.2.1 | 52.00 | OK | |||
r-oldrel-windows-x86_64 | 2.2.1 | 28.00 | 135.00 | 163.00 | OK |
Version: 2.2.1
Check: Rd cross-references
Result: NOTE
Found the following Rd file(s) with Rd \link{} targets missing package
anchors:
linkage.Rd: agnes
Please provide package anchors for all Rd \link{} targets not in the
package itself and the base packages.
Flavors: r-devel-linux-x86_64-debian-clang, r-devel-linux-x86_64-debian-gcc, r-devel-windows-x86_64, r-patched-linux-x86_64, r-release-linux-x86_64, r-release-windows-x86_64