Last updated on 2025-04-29 13:51:30 CEST.
Flavor | Version | Tinstall | Tcheck | Ttotal | Status | Flags |
---|---|---|---|---|---|---|
r-devel-linux-x86_64-debian-clang | 0.0.3 | 19.36 | 132.03 | 151.39 | NOTE | |
r-devel-linux-x86_64-debian-gcc | 0.0.3 | 13.79 | 89.87 | 103.66 | NOTE | |
r-devel-linux-x86_64-fedora-clang | 0.0.3 | 226.66 | OK | |||
r-devel-linux-x86_64-fedora-gcc | 0.0.3 | 216.23 | OK | |||
r-devel-windows-x86_64 | 0.0.3 | 18.00 | 120.00 | 138.00 | OK | |
r-patched-linux-x86_64 | 0.0.3 | 18.96 | 121.83 | 140.79 | OK | |
r-release-linux-x86_64 | 0.0.3 | 16.85 | 119.03 | 135.88 | OK | |
r-release-macos-arm64 | 0.0.3 | 67.00 | OK | |||
r-release-macos-x86_64 | 0.0.3 | 105.00 | OK | |||
r-release-windows-x86_64 | 0.0.3 | 18.00 | 127.00 | 145.00 | OK | |
r-oldrel-macos-arm64 | 0.0.3 | 59.00 | OK | |||
r-oldrel-macos-x86_64 | 0.0.3 | 107.00 | OK | |||
r-oldrel-windows-x86_64 | 0.0.3 | 24.00 | 159.00 | 183.00 | OK |
Version: 0.0.3
Check: CRAN incoming feasibility
Result: NOTE
Maintainer: ‘Xu Qin <xuqin@pitt.edu>’
No Authors@R field in DESCRIPTION.
Please add one, modifying
Authors@R: c(person(given = "Xu",
family = "Qin",
role = c("aut", "cre"),
email = "xuqin@pitt.edu"),
person(given = "Fan",
family = "Yang",
role = "aut"))
as necessary.
Flavors: r-devel-linux-x86_64-debian-clang, r-devel-linux-x86_64-debian-gcc
Version: 0.0.3
Check: examples
Result: NOTE
Examples with CPU (user + system) or elapsed time > 5s
user system elapsed
sens 4.719 0.373 5.974
Flavor: r-devel-linux-x86_64-debian-clang