CRAN Package Check Results for Package medparser

Last updated on 2025-04-29 13:51:30 CEST.

Flavor Version Tinstall Tcheck Ttotal Status Flags
r-devel-linux-x86_64-debian-clang 0.1.0 1.50 15.92 17.42 NOTE
r-devel-linux-x86_64-debian-gcc 0.1.0 1.25 13.28 14.53 NOTE
r-devel-linux-x86_64-fedora-clang 0.1.0 27.38 OK
r-devel-linux-x86_64-fedora-gcc 0.1.0 26.96 OK
r-devel-windows-x86_64 0.1.0 2.00 36.00 38.00 OK
r-patched-linux-x86_64 0.1.0 1.43 15.51 16.94 OK
r-release-linux-x86_64 0.1.0 1.61 15.68 17.29 OK
r-release-macos-arm64 0.1.0 15.00 OK
r-release-macos-x86_64 0.1.0 22.00 OK
r-release-windows-x86_64 0.1.0 3.00 37.00 40.00 OK
r-oldrel-macos-arm64 0.1.0 14.00 OK
r-oldrel-macos-x86_64 0.1.0 18.00 OK
r-oldrel-windows-x86_64 0.1.0 4.00 37.00 41.00 OK

Check Details

Version: 0.1.0
Check: CRAN incoming feasibility
Result: NOTE Maintainer: ‘Olivia Ortelli <oortelli@wakehealth.edu>’ No Authors@R field in DESCRIPTION. Please add one, modifying Authors@R: c(person(given = "Olivia", family = "Ortelli", role = c("aut", "cre"), email = "oortelli@wakehealth.edu"), person(given = "Tony", family = "Colarusso", role = "aut")) as necessary. Flavors: r-devel-linux-x86_64-debian-clang, r-devel-linux-x86_64-debian-gcc