Last updated on 2024-06-27 16:49:09 CEST.
Flavor | Version | Tinstall | Tcheck | Ttotal | Status | Flags |
---|---|---|---|---|---|---|
r-devel-linux-x86_64-debian-clang | 0.4.1 | OK | ||||
r-devel-linux-x86_64-debian-gcc | 0.4.1 | 6.54 | 154.82 | 161.36 | OK | |
r-devel-linux-x86_64-fedora-clang | 0.4.1 | 272.75 | NOTE | |||
r-devel-linux-x86_64-fedora-gcc | 0.4.1 | 265.68 | NOTE | |||
r-devel-windows-x86_64 | 0.4.1 | 8.00 | 184.00 | 192.00 | OK | |
r-patched-linux-x86_64 | 0.4.1 | 7.33 | 202.09 | 209.42 | OK | |
r-release-linux-x86_64 | 0.4.1 | 8.13 | 204.94 | 213.07 | OK | |
r-release-macos-arm64 | 0.4.1 | 94.00 | OK | |||
r-release-macos-x86_64 | 0.4.1 | 161.00 | OK | |||
r-release-windows-x86_64 | 0.4.1 | 10.00 | 188.00 | 198.00 | OK | |
r-oldrel-macos-arm64 | 0.4.1 | 80.00 | OK | |||
r-oldrel-macos-x86_64 | 0.4.1 | 182.00 | OK | |||
r-oldrel-windows-x86_64 | 0.4.1 | 10.00 | 229.00 | 239.00 | OK |
Version: 0.4.1
Check: data for non-ASCII characters
Result: NOTE
Note: found 1 marked UTF-8 string
Flavors: r-devel-linux-x86_64-fedora-clang, r-devel-linux-x86_64-fedora-gcc