Last updated on 2025-04-29 13:51:30 CEST.
Flavor | Version | Tinstall | Tcheck | Ttotal | Status | Flags |
---|---|---|---|---|---|---|
r-devel-linux-x86_64-debian-clang | 1.0.3 | 11.22 | 125.42 | 136.64 | NOTE | |
r-devel-linux-x86_64-debian-gcc | 1.0.3 | 7.13 | 80.52 | 87.65 | NOTE | |
r-devel-linux-x86_64-fedora-clang | 1.0.3 | 224.39 | NOTE | |||
r-devel-linux-x86_64-fedora-gcc | 1.0.3 | 245.93 | NOTE | |||
r-devel-windows-x86_64 | 1.0.3 | 14.00 | 148.00 | 162.00 | OK | |
r-patched-linux-x86_64 | 1.0.3 | 12.97 | 115.92 | 128.89 | OK | |
r-release-linux-x86_64 | 1.0.3 | 11.47 | 116.59 | 128.06 | OK | |
r-release-macos-arm64 | 1.0.3 | 58.00 | OK | |||
r-release-macos-x86_64 | 1.0.3 | 134.00 | OK | |||
r-release-windows-x86_64 | 1.0.3 | 13.00 | 145.00 | 158.00 | OK | |
r-oldrel-macos-arm64 | 1.0.3 | 61.00 | OK | |||
r-oldrel-macos-x86_64 | 1.0.3 | 123.00 | OK | |||
r-oldrel-windows-x86_64 | 1.0.3 | 18.00 | 181.00 | 199.00 | OK |
Version: 1.0.3
Check: examples
Result: NOTE
Examples with CPU (user + system) or elapsed time > 5s
user system elapsed
aggregate_df 7.214 0.202 9.304
convert_df 5.817 0.206 9.302
summary.metaConvert 5.562 0.060 8.154
print.metaConvert 5.278 0.082 7.550
Flavor: r-devel-linux-x86_64-debian-clang
Version: 1.0.3
Check: examples
Result: NOTE
Examples with CPU (user + system) or elapsed time > 5s
user system elapsed
aggregate_df 3.835 0.156 5.178
Flavor: r-devel-linux-x86_64-debian-gcc
Version: 1.0.3
Check: dependencies in R code
Result: NOTE
Namespace in Imports field not imported from: ‘mvtnorm’
All declared Imports should be used.
Flavors: r-devel-linux-x86_64-fedora-clang, r-devel-linux-x86_64-fedora-gcc