Last updated on 2024-06-27 16:49:09 CEST.
Flavor | Version | Tinstall | Tcheck | Ttotal | Status | Flags |
---|---|---|---|---|---|---|
r-devel-linux-x86_64-debian-clang | 4.6-0 | OK | ||||
r-devel-linux-x86_64-debian-gcc | 4.6-0 | 71.62 | 392.15 | 463.77 | OK | |
r-devel-linux-x86_64-fedora-clang | 4.6-0 | 839.73 | NOTE | |||
r-devel-linux-x86_64-fedora-gcc | 4.6-0 | 803.40 | OK | |||
r-devel-windows-x86_64 | 4.6-0 | 64.00 | 358.00 | 422.00 | NOTE | |
r-patched-linux-x86_64 | 4.6-0 | 82.67 | 533.17 | 615.84 | OK | |
r-release-linux-x86_64 | 4.6-0 | 63.78 | 526.45 | 590.23 | OK | |
r-release-macos-arm64 | 4.6-0 | 159.00 | NOTE | |||
r-release-macos-x86_64 | 4.6-0 | 280.00 | NOTE | |||
r-release-windows-x86_64 | 4.6-0 | 66.00 | 352.00 | 418.00 | NOTE | |
r-oldrel-macos-arm64 | 4.6-0 | 166.00 | NOTE | |||
r-oldrel-macos-x86_64 | 4.6-0 | 498.00 | NOTE | |||
r-oldrel-windows-x86_64 | 4.6-0 | 87.00 | 503.00 | 590.00 | NOTE |
Version: 4.6-0
Check: installed package size
Result: NOTE
installed size is 5.2Mb
sub-directories of 1Mb or more:
R 2.0Mb
help 2.3Mb
Flavors: r-devel-linux-x86_64-fedora-clang, r-devel-windows-x86_64, r-release-macos-arm64, r-release-macos-x86_64, r-release-windows-x86_64, r-oldrel-macos-arm64, r-oldrel-macos-x86_64, r-oldrel-windows-x86_64