Last updated on 2024-06-27 16:49:09 CEST.
Flavor | Version | Tinstall | Tcheck | Ttotal | Status | Flags |
---|---|---|---|---|---|---|
r-devel-linux-x86_64-debian-clang | 0.2.3 | OK | ||||
r-devel-linux-x86_64-debian-gcc | 0.2.3 | 10.19 | 89.26 | 99.45 | OK | |
r-devel-linux-x86_64-fedora-clang | 0.2.3 | 163.53 | NOTE | |||
r-devel-linux-x86_64-fedora-gcc | 0.2.3 | 166.08 | NOTE | |||
r-devel-windows-x86_64 | 0.2.3 | 11.00 | 99.00 | 110.00 | OK | |
r-patched-linux-x86_64 | 0.2.3 | 12.60 | 115.24 | 127.84 | OK | |
r-release-linux-x86_64 | 0.2.3 | 8.19 | 112.99 | 121.18 | OK | |
r-release-macos-arm64 | 0.2.3 | 59.00 | OK | |||
r-release-macos-x86_64 | 0.2.3 | 91.00 | OK | |||
r-release-windows-x86_64 | 0.2.3 | 13.00 | 101.00 | 114.00 | OK | |
r-oldrel-macos-arm64 | 0.2.3 | 59.00 | OK | |||
r-oldrel-macos-x86_64 | 0.2.3 | 90.00 | OK | |||
r-oldrel-windows-x86_64 | 0.2.3 | 15.00 | 121.00 | 136.00 | OK |
Version: 0.2.3
Check: package dependencies
Result: NOTE
Suggests orphaned package: ‘udunits2’
Flavors: r-devel-linux-x86_64-fedora-clang, r-devel-linux-x86_64-fedora-gcc