CRAN Package Check Results for Package metamer

Last updated on 2025-11-16 12:49:36 CET.

Flavor Version Tinstall Tcheck Ttotal Status Flags
r-devel-linux-x86_64-debian-clang 0.3.0 3.14 33.43 36.57 OK
r-devel-linux-x86_64-debian-gcc 0.3.0 2.16 26.70 28.86 OK
r-devel-linux-x86_64-fedora-clang 0.3.0 53.90 NOTE
r-devel-linux-x86_64-fedora-gcc 0.3.0 56.57 NOTE
r-devel-windows-x86_64 0.3.0 6.00 50.00 56.00 OK
r-patched-linux-x86_64 0.3.0 3.23 31.56 34.79 OK
r-release-linux-x86_64 0.3.0 2.84 31.43 34.27 OK
r-release-macos-arm64 0.3.0 2.00 22.00 24.00 OK
r-release-macos-x86_64 0.3.0 3.00 36.00 39.00 OK
r-release-windows-x86_64 0.3.0 4.00 52.00 56.00 OK
r-oldrel-macos-arm64 0.3.0 2.00 20.00 22.00 OK
r-oldrel-macos-x86_64 0.3.0 2.00 29.00 31.00 OK
r-oldrel-windows-x86_64 0.3.0 6.00 57.00 63.00 OK

Check Details

Version: 0.3.0
Check: dependencies in R code
Result: NOTE Namespace in Imports field not imported from: ‘progress’ All declared Imports should be used. Flavors: r-devel-linux-x86_64-fedora-clang, r-devel-linux-x86_64-fedora-gcc