Last updated on 2025-11-16 06:49:42 CET.
| Flavor | Version | Tinstall | Tcheck | Ttotal | Status | Flags |
|---|---|---|---|---|---|---|
| r-devel-linux-x86_64-debian-clang | 1.12 | 8.94 | 117.67 | 126.61 | OK | |
| r-devel-linux-x86_64-debian-gcc | 1.12 | 6.88 | 90.28 | 97.16 | NOTE | |
| r-devel-linux-x86_64-fedora-clang | 1.12 | 22.00 | 168.20 | 190.20 | OK | |
| r-devel-linux-x86_64-fedora-gcc | 1.12 | 20.00 | 175.14 | 195.14 | OK | |
| r-devel-windows-x86_64 | 1.12 | 15.00 | 167.00 | 182.00 | OK | |
| r-patched-linux-x86_64 | 1.12 | 10.80 | 114.93 | 125.73 | OK | |
| r-release-linux-x86_64 | 1.12 | 9.70 | 112.08 | 121.78 | OK | |
| r-release-macos-arm64 | 1.12 | 5.00 | 73.00 | 78.00 | OK | |
| r-release-macos-x86_64 | 1.12 | 9.00 | 145.00 | 154.00 | OK | |
| r-release-windows-x86_64 | 1.12 | 12.00 | 165.00 | 177.00 | OK | |
| r-oldrel-macos-arm64 | 1.12 | 4.00 | 65.00 | 69.00 | OK | |
| r-oldrel-macos-x86_64 | 1.12 | 14.00 | 188.00 | 202.00 | OK | |
| r-oldrel-windows-x86_64 | 1.12 | 16.00 | 187.00 | 203.00 | OK |
Version: 1.12
Check: HTML version of manual
Result: NOTE
Found the following HTML validation problems:
metap.html:433:43 (allmetap.Rd:6): Warning: <script> anchor "MathJax-script" already defined
metap.html:530:1 (dat.metap.Rd:18): Warning: <script> anchor "MathJax-script" already defined
metap.html:744:33 (invchisq.Rd:8): Warning: <script> anchor "MathJax-script" already defined
metap.html:877:47 (invt.Rd:5): Warning: <script> anchor "MathJax-script" already defined
metap.html:1002:43 (logitp.Rd:6): Warning: <script> anchor "MathJax-script" already defined
metap.html:1112:45 (meanp.Rd:6): Warning: <script> anchor "MathJax-script" already defined
metap.html:1212:7 (meanz.Rd:6): Warning: <script> anchor "MathJax-script" already defined
metap.html:1348:54 (plotp.Rd:5): Warning: <script> anchor "MathJax-script" already defined
metap.html:1440:54 (schweder.Rd:6): Warning: <script> anchor "MathJax-script" already defined
metap.html:1627:22 (sumlog.Rd:10): Warning: <script> anchor "MathJax-script" already defined
metap.html:1760:47 (sump.Rd:6): Warning: <script> anchor "MathJax-script" already defined
metap.html:1869:50 (sumz.Rd:7): Warning: <script> anchor "MathJax-script" already defined
metap.html:2025:19 (truncated.Rd:8): Warning: <script> anchor "MathJax-script" already defined
metap.html:2185:43 (two2one.Rd:5): Warning: <script> anchor "MathJax-script" already defined
metap.html:2253:52 (votep.Rd:6): Warning: <script> anchor "MathJax-script" already defined
metap.html:2368:49 (wilkinsonp.Rd:10): Warning: <script> anchor "MathJax-script" already defined
Flavor: r-devel-linux-x86_64-debian-gcc