Last updated on 2025-11-16 12:49:36 CET.
| Flavor | Version | Tinstall | Tcheck | Ttotal | Status | Flags |
|---|---|---|---|---|---|---|
| r-devel-linux-x86_64-debian-clang | 1.1.0 | 22.18 | 740.48 | 762.66 | NOTE | |
| r-devel-linux-x86_64-debian-gcc | 1.1.0 | 16.17 | 407.62 | 423.79 | OK | |
| r-devel-linux-x86_64-fedora-clang | 1.1.0 | 73.00 | 1276.31 | 1349.31 | NOTE | |
| r-devel-linux-x86_64-fedora-gcc | 1.1.0 | 84.00 | 1158.00 | 1242.00 | NOTE | |
| r-devel-windows-x86_64 | 1.1.0 | 24.00 | 588.00 | 612.00 | NOTE | |
| r-patched-linux-x86_64 | 1.1.0 | 21.08 | 713.47 | 734.55 | OK | |
| r-release-linux-x86_64 | 1.1.0 | 22.67 | 715.52 | 738.19 | OK | |
| r-release-macos-arm64 | 1.1.0 | 7.00 | 240.00 | 247.00 | OK | |
| r-release-macos-x86_64 | 1.1.0 | 15.00 | 392.00 | 407.00 | OK | |
| r-release-windows-x86_64 | 1.1.0 | 22.00 | 574.00 | 596.00 | OK | |
| r-oldrel-macos-arm64 | 1.1.0 | 9.00 | 202.00 | 211.00 | OK | |
| r-oldrel-macos-x86_64 | 1.1.0 | 16.00 | 470.00 | 486.00 | OK | |
| r-oldrel-windows-x86_64 | 1.1.0 | 32.00 | 882.00 | 914.00 | OK |
Version: 1.1.0
Check: Rd files
Result: NOTE
checkRd: (-1) metaumbrella-package.Rd:97-103: Only 5 columns allowed in this table (row 1 has 1)
checkRd: (-1) metaumbrella-package.Rd:124-129: Only 5 columns allowed in this table (row 1 has 1)
checkRd: (-1) metaumbrella-package.Rd:124-129: Only 5 columns allowed in this table (row 2 has 1)
checkRd: (-1) metaumbrella-package.Rd:124-129: Only 5 columns allowed in this table (row 3 has 1)
checkRd: (-1) metaumbrella-package.Rd:124-129: Only 5 columns allowed in this table (row 4 has 1)
checkRd: (-1) metaumbrella-package.Rd:124-129: Only 5 columns allowed in this table (row 5 has 1)
checkRd: (-1) metaumbrella-package.Rd:124-129: Only 5 columns allowed in this table (row 6 has 1)
checkRd: (-1) metaumbrella-package.Rd:124-129: Only 5 columns allowed in this table (row 7 has 1)
checkRd: (-1) metaumbrella-package.Rd:124-129: Only 5 columns allowed in this table (row 8 has 1)
checkRd: (-1) metaumbrella-package.Rd:130-133: Only 2 columns allowed in this table (row 1 has 1)
checkRd: (-1) metaumbrella-package.Rd:130-133: Only 2 columns allowed in this table (row 2 has 1)
checkRd: (-1) metaumbrella-package.Rd:130-133: Only 2 columns allowed in this table (row 3 has 1)
checkRd: (-1) metaumbrella-package.Rd:155-163: Only 6 columns allowed in this table (row 1 has 1)
checkRd: (-1) metaumbrella-package.Rd:155-163: Only 6 columns allowed in this table (row 2 has 1)
checkRd: (-1) metaumbrella-package.Rd:155-163: Only 6 columns allowed in this table (row 3 has 1)
checkRd: (-1) metaumbrella-package.Rd:167-172: Only 5 columns allowed in this table (row 1 has 1)
checkRd: (-1) metaumbrella-package.Rd:184-189: Only 6 columns allowed in this table (row 1 has 1)
Flavors: r-devel-linux-x86_64-debian-clang, r-devel-windows-x86_64
Version: 1.1.0
Check: dependencies in R code
Result: NOTE
Namespace in Imports field not imported from: ‘pwr’
All declared Imports should be used.
Flavors: r-devel-linux-x86_64-fedora-clang, r-devel-linux-x86_64-fedora-gcc