Last updated on 2025-04-29 13:51:30 CEST.
Flavor | Version | Tinstall | Tcheck | Ttotal | Status | Flags |
---|---|---|---|---|---|---|
r-devel-linux-x86_64-debian-clang | 0.3.1 | 4.09 | 21.86 | 25.95 | NOTE | |
r-devel-linux-x86_64-debian-gcc | 0.3.1 | 3.33 | 18.18 | 21.51 | NOTE | |
r-devel-linux-x86_64-fedora-clang | 0.3.1 | 40.29 | OK | |||
r-devel-linux-x86_64-fedora-gcc | 0.3.1 | 39.11 | OK | |||
r-devel-windows-x86_64 | 0.3.1 | 7.00 | 52.00 | 59.00 | OK | |
r-patched-linux-x86_64 | 0.3.1 | 4.09 | 21.10 | 25.19 | OK | |
r-release-linux-x86_64 | 0.3.1 | 3.58 | 22.13 | 25.71 | OK | |
r-release-macos-arm64 | 0.3.1 | 26.00 | OK | |||
r-release-macos-x86_64 | 0.3.1 | 30.00 | OK | |||
r-release-windows-x86_64 | 0.3.1 | 9.00 | 57.00 | 66.00 | OK | |
r-oldrel-macos-arm64 | 0.3.1 | 18.00 | OK | |||
r-oldrel-macos-x86_64 | 0.3.1 | 26.00 | OK | |||
r-oldrel-windows-x86_64 | 0.3.1 | 7.00 | 50.00 | 57.00 | OK |
Version: 0.3.1
Check: CRAN incoming feasibility
Result: NOTE
Maintainer: ‘Adam L. Pintar <adam.pintar@nist.gov>’
No Authors@R field in DESCRIPTION.
Please add one, modifying
Authors@R: c(person(given = c("Adam", "L."),
family = "Pintar",
role = c("aut", "cre"),
email = "adam.pintar@nist.gov"),
person(given = c("Zachary", "H."),
family = "Levine",
role = "aut"))
as necessary.
Flavors: r-devel-linux-x86_64-debian-clang, r-devel-linux-x86_64-debian-gcc