Last updated on 2025-10-24 05:50:47 CEST.
| Flavor | Version | Tinstall | Tcheck | Ttotal | Status | Flags |
|---|---|---|---|---|---|---|
| r-devel-linux-x86_64-debian-clang | 7.3-1 | 6.53 | 132.16 | 138.69 | NOTE | |
| r-devel-linux-x86_64-debian-gcc | 7.3-1 | 4.37 | 99.46 | 103.83 | NOTE | |
| r-devel-linux-x86_64-fedora-clang | 7.3-1 | 23.00 | 186.35 | 209.35 | OK | |
| r-devel-linux-x86_64-fedora-gcc | 7.3-1 | 14.00 | 194.51 | 208.51 | OK | |
| r-devel-windows-x86_64 | 7.3-1 | 8.00 | 131.00 | 139.00 | OK | |
| r-patched-linux-x86_64 | 7.3-1 | 6.72 | 124.97 | 131.69 | NOTE | |
| r-release-linux-x86_64 | 7.3-1 | 5.76 | 126.02 | 131.78 | NOTE | |
| r-release-macos-arm64 | 7.3-1 | 4.00 | 74.00 | 78.00 | OK | |
| r-release-macos-x86_64 | 7.3-1 | 6.00 | 125.00 | 131.00 | OK | |
| r-release-windows-x86_64 | 7.3-1 | 10.00 | 132.00 | 142.00 | OK | |
| r-oldrel-macos-arm64 | 7.3-1 | 3.00 | 59.00 | 62.00 | OK | |
| r-oldrel-macos-x86_64 | 7.3-1 | 5.00 | 85.00 | 90.00 | OK | |
| r-oldrel-windows-x86_64 | 7.3-1 | 11.00 | 181.00 | 192.00 | OK |
Version: 7.3-1
Check: for unstated dependencies in ‘demo’
Result: NOTE
'library' or 'require' call not declared from: ‘tibble’
Flavors: r-devel-linux-x86_64-debian-clang, r-devel-linux-x86_64-debian-gcc, r-patched-linux-x86_64, r-release-linux-x86_64