Last updated on 2025-10-22 17:49:43 CEST.
Flavor | Version | Tinstall | Tcheck | Ttotal | Status | Flags |
---|---|---|---|---|---|---|
r-devel-linux-x86_64-debian-clang | 0.2.1 | 21.39 | 324.73 | 346.12 | NOTE | |
r-devel-linux-x86_64-debian-gcc | 0.2.1 | 14.29 | 228.05 | 242.34 | NOTE | |
r-devel-linux-x86_64-fedora-clang | 0.2.1 | 61.00 | 476.42 | 537.42 | OK | |
r-devel-linux-x86_64-fedora-gcc | 0.2.1 | 42.00 | 476.40 | 518.40 | OK | |
r-devel-windows-x86_64 | 0.2.1 | 23.00 | 390.00 | 413.00 | OK | |
r-patched-linux-x86_64 | 0.2.1 | 22.79 | 311.70 | 334.49 | OK | |
r-release-linux-x86_64 | 0.2.1 | 18.62 | 308.74 | 327.36 | OK | |
r-release-macos-arm64 | 0.2.1 | 8.00 | 116.00 | 124.00 | OK | |
r-release-macos-x86_64 | 0.2.1 | 17.00 | 175.00 | 192.00 | OK | |
r-release-windows-x86_64 | 0.2.1 | 21.00 | 376.00 | 397.00 | OK | |
r-oldrel-macos-arm64 | 0.2.1 | 7.00 | 121.00 | 128.00 | OK | |
r-oldrel-macos-x86_64 | 0.2.1 | 19.00 | 218.00 | 237.00 | OK | |
r-oldrel-windows-x86_64 | 0.2.1 | 29.00 | 483.00 | 512.00 | OK |
Version: 0.2.1
Check: HTML version of manual
Result: NOTE
Found the following HTML validation problems:
fix.family.cdf.html:48:1 (fix.family.cdf.Rd:10): Warning: missing </ul> before </div>
Flavors: r-devel-linux-x86_64-debian-clang, r-devel-linux-x86_64-debian-gcc