CRAN Package Check Results for Package mhcnuggetsr

Last updated on 2025-04-29 13:51:30 CEST.

Flavor Version Tinstall Tcheck Ttotal Status Flags
r-devel-linux-x86_64-debian-clang 1.1 2.14 33.47 35.61 NOTE
r-devel-linux-x86_64-debian-gcc 1.1 1.85 47.92 49.77 NOTE
r-devel-linux-x86_64-fedora-clang 1.1 108.24 OK
r-devel-linux-x86_64-fedora-gcc 1.1 123.17 OK
r-devel-windows-x86_64 1.1 4.00 208.00 212.00 OK
r-patched-linux-x86_64 1.1 2.98 32.07 35.05 OK
r-release-linux-x86_64 1.1 2.32 32.05 34.37 OK
r-release-macos-arm64 1.1 68.00 OK
r-release-macos-x86_64 1.1 102.00 OK
r-release-windows-x86_64 1.1 5.00 187.00 192.00 OK
r-oldrel-macos-arm64 1.1 46.00 NOTE
r-oldrel-macos-x86_64 1.1 72.00 NOTE
r-oldrel-windows-x86_64 1.1 6.00 136.00 142.00 NOTE

Check Details

Version: 1.1
Check: CRAN incoming feasibility
Result: NOTE Maintainer: ‘Richèl J.C. Bilderbeek <richel@richelbilderbeek.nl>’ The BugReports field in DESCRIPTION has https://github.com/richelbilderbeek/mhcnuggetsr which should likely be https://github.com/richelbilderbeek/mhcnuggetsr/issues instead. Flavors: r-devel-linux-x86_64-debian-clang, r-devel-linux-x86_64-debian-gcc

Version: 1.1
Check: LazyData
Result: NOTE 'LazyData' is specified without a 'data' directory Flavors: r-oldrel-macos-arm64, r-oldrel-macos-x86_64, r-oldrel-windows-x86_64