Last updated on 2024-06-27 16:49:09 CEST.
Flavor | Version | Tinstall | Tcheck | Ttotal | Status | Flags |
---|---|---|---|---|---|---|
r-devel-linux-x86_64-debian-clang | 0.4.4 | OK | ||||
r-devel-linux-x86_64-debian-gcc | 0.4.4 | 14.74 | 128.43 | 143.17 | OK | |
r-devel-linux-x86_64-fedora-clang | 0.4.4 | 260.04 | NOTE | |||
r-devel-linux-x86_64-fedora-gcc | 0.4.4 | 258.00 | NOTE | |||
r-devel-windows-x86_64 | 0.4.4 | 15.00 | 226.00 | 241.00 | OK | |
r-patched-linux-x86_64 | 0.4.4 | 16.54 | 168.16 | 184.70 | OK | |
r-release-linux-x86_64 | 0.4.4 | 10.62 | 169.72 | 180.34 | OK | |
r-release-macos-arm64 | 0.4.4 | 75.00 | OK | |||
r-release-macos-x86_64 | 0.4.4 | 115.00 | OK | |||
r-release-windows-x86_64 | 0.4.4 | 17.00 | 224.00 | 241.00 | OK | |
r-oldrel-macos-arm64 | 0.4.4 | 80.00 | OK | |||
r-oldrel-macos-x86_64 | 0.4.4 | 122.00 | OK | |||
r-oldrel-windows-x86_64 | 0.4.4 | 21.00 | 194.00 | 215.00 | OK |
Version: 0.4.4
Check: for detritus in the temp directory
Result: NOTE
Found the following files/directories:
‘par-7269706c6579’
Flavors: r-devel-linux-x86_64-fedora-clang, r-devel-linux-x86_64-fedora-gcc