Last updated on 2024-07-13 05:49:19 CEST.
Flavor | Version | Tinstall | Tcheck | Ttotal | Status | Flags |
---|---|---|---|---|---|---|
r-devel-linux-x86_64-debian-clang | 1.1.1 | 19.09 | 224.39 | 243.48 | OK | |
r-devel-linux-x86_64-debian-gcc | 1.1.1 | 15.01 | 163.92 | 178.93 | OK | |
r-devel-linux-x86_64-fedora-clang | 1.1.1 | 308.62 | OK | |||
r-devel-linux-x86_64-fedora-gcc | 1.1.1 | 303.20 | OK | |||
r-devel-windows-x86_64 | 1.1.1 | 17.00 | 166.00 | 183.00 | NOTE | |
r-patched-linux-x86_64 | 1.1.1 | 21.32 | 195.58 | 216.90 | OK | |
r-release-linux-x86_64 | 1.1.1 | 12.63 | 211.56 | 224.19 | OK | |
r-release-macos-arm64 | 1.1.1 | 79.00 | OK | |||
r-release-macos-x86_64 | 1.1.1 | 120.00 | OK | |||
r-release-windows-x86_64 | 1.1.1 | 17.00 | 174.00 | 191.00 | OK | |
r-oldrel-macos-arm64 | 1.1.1 | 64.00 | OK | |||
r-oldrel-macos-x86_64 | 1.1.1 | 109.00 | OK | |||
r-oldrel-windows-x86_64 | 1.1.1 | 24.00 | 212.00 | 236.00 | OK |
Version: 1.1.1
Check: Rd cross-references
Result: NOTE
Found the following Rd file(s) with Rd \link{} targets missing package
anchors:
flexCItest.Rd: gaussCItest, disCItest
getSuff.Rd: gaussCItest, disCItest
Please provide package anchors for all Rd \link{} targets not in the
package itself and the base packages.
Flavor: r-devel-windows-x86_64