Last updated on 2025-11-16 00:48:37 CET.
| Flavor | Version | Tinstall | Tcheck | Ttotal | Status | Flags |
|---|---|---|---|---|---|---|
| r-devel-linux-x86_64-debian-clang | 0.2.1 | 1.99 | 51.37 | 53.36 | OK | |
| r-devel-linux-x86_64-debian-gcc | 0.2.1 | 1.76 | 38.83 | 40.59 | OK | |
| r-devel-linux-x86_64-fedora-clang | 0.2.1 | 10.00 | 74.67 | 84.67 | OK | |
| r-devel-linux-x86_64-fedora-gcc | 0.2.1 | 92.83 | OK | |||
| r-devel-windows-x86_64 | 0.2.1 | 5.00 | 73.00 | 78.00 | OK | |
| r-patched-linux-x86_64 | 0.2.0 | 1.97 | 45.99 | 47.96 | NOTE | |
| r-release-linux-x86_64 | 0.2.1 | 1.73 | 47.80 | 49.53 | OK | |
| r-release-macos-arm64 | 0.2.1 | 1.00 | 33.00 | 34.00 | OK | |
| r-release-macos-x86_64 | 0.2.1 | 2.00 | 66.00 | 68.00 | OK | |
| r-release-windows-x86_64 | 0.2.1 | 5.00 | 69.00 | 74.00 | OK | |
| r-oldrel-macos-arm64 | 0.2.1 | 1.00 | 39.00 | 40.00 | OK | |
| r-oldrel-macos-x86_64 | 0.2.1 | 2.00 | 78.00 | 80.00 | OK | |
| r-oldrel-windows-x86_64 | 0.2.1 | 4.00 | 83.00 | 87.00 | OK |
Version: 0.2.0
Check: DESCRIPTION meta-information
Result: NOTE
Missing dependency on R >= 4.1.0 because package code uses the pipe
|> or function shorthand \(...) syntax added in R 4.1.0.
File(s) using such syntax:
‘micer.R’
Flavor: r-patched-linux-x86_64