Last updated on 2025-04-29 13:51:30 CEST.
Flavor | Version | Tinstall | Tcheck | Ttotal | Status | Flags |
---|---|---|---|---|---|---|
r-devel-linux-x86_64-debian-clang | 0.1-1 | 1.57 | 17.28 | 18.85 | NOTE | |
r-devel-linux-x86_64-debian-gcc | 0.1-1 | 1.32 | 14.51 | 15.83 | NOTE | |
r-devel-linux-x86_64-fedora-clang | 0.1-1 | 29.41 | OK | |||
r-devel-linux-x86_64-fedora-gcc | 0.1-1 | 30.24 | OK | |||
r-devel-windows-x86_64 | 0.1-1 | 2.00 | 42.00 | 44.00 | OK | |
r-patched-linux-x86_64 | 0.1-1 | 1.65 | 16.86 | 18.51 | OK | |
r-release-linux-x86_64 | 0.1-1 | 1.43 | 16.75 | 18.18 | OK | |
r-release-macos-arm64 | 0.1-1 | 17.00 | OK | |||
r-release-macos-x86_64 | 0.1-1 | 23.00 | OK | |||
r-release-windows-x86_64 | 0.1-1 | 2.00 | 42.00 | 44.00 | OK | |
r-oldrel-macos-arm64 | 0.1-1 | 14.00 | NOTE | |||
r-oldrel-macos-x86_64 | 0.1-1 | 25.00 | NOTE | |||
r-oldrel-windows-x86_64 | 0.1-1 | 2.00 | 40.00 | 42.00 | NOTE |
Version: 0.1-1
Check: CRAN incoming feasibility
Result: NOTE
Maintainer: ‘Seong Hyun Hwang <krshh1412@gmail.com>’
No Authors@R field in DESCRIPTION.
Please add one, modifying
Authors@R: c(person(given = c("Seong", "Hyun", "Hwang", "with", "contributions", "from", "Rachel", "Myoung"),
family = "Moon",
role = "aut"),
person(given = c("Seong", "Hyun"),
family = "Hwang",
role = "cre",
email = "krshh1412@gmail.com"))
as necessary.
Flavors: r-devel-linux-x86_64-debian-clang, r-devel-linux-x86_64-debian-gcc
Version: 0.1-1
Check: LazyData
Result: NOTE
'LazyData' is specified without a 'data' directory
Flavors: r-oldrel-macos-arm64, r-oldrel-macos-x86_64, r-oldrel-windows-x86_64