Last updated on 2025-11-16 00:48:37 CET.
| Flavor | Version | Tinstall | Tcheck | Ttotal | Status | Flags |
|---|---|---|---|---|---|---|
| r-devel-linux-x86_64-debian-clang | 1.0.2 | 3.88 | 53.44 | 57.32 | OK | |
| r-devel-linux-x86_64-debian-gcc | 1.0.2 | 3.02 | 39.72 | 42.74 | OK | |
| r-devel-linux-x86_64-fedora-clang | 1.0.2 | 96.68 | OK | |||
| r-devel-linux-x86_64-fedora-gcc | 1.0.2 | 91.20 | OK | |||
| r-devel-windows-x86_64 | 1.0.2 | 10.00 | 73.00 | 83.00 | OK | |
| r-patched-linux-x86_64 | 1.0.2 | 4.30 | 45.72 | 50.02 | OK | |
| r-release-linux-x86_64 | 1.0.2 | 3.97 | 45.16 | 49.13 | OK | |
| r-release-macos-arm64 | 1.0.2 | 2.00 | 43.00 | 45.00 | OK | |
| r-release-macos-x86_64 | 1.0.2 | 9.00 | 71.00 | 80.00 | OK | |
| r-release-windows-x86_64 | 1.0.2 | 7.00 | 74.00 | 81.00 | OK | |
| r-oldrel-macos-arm64 | 1.0.2 | 2.00 | 50.00 | 52.00 | NOTE | |
| r-oldrel-macos-x86_64 | 1.0.2 | 4.00 | 53.00 | 57.00 | NOTE | |
| r-oldrel-windows-x86_64 | 1.0.2 | 10.00 | 86.00 | 96.00 | NOTE |
Version: 1.0.2
Check: package dependencies
Result: NOTE
Package suggested but not available for checking: ‘midfielddata’
Flavors: r-oldrel-macos-arm64, r-oldrel-macos-x86_64, r-oldrel-windows-x86_64