Last updated on 2025-04-29 13:51:30 CEST.
Flavor | Version | Tinstall | Tcheck | Ttotal | Status | Flags |
---|---|---|---|---|---|---|
r-devel-linux-x86_64-debian-clang | 0.7 | 96.87 | 80.07 | 176.94 | OK | |
r-devel-linux-x86_64-debian-gcc | 0.7 | 76.60 | 61.18 | 137.78 | OK | |
r-devel-linux-x86_64-fedora-clang | 0.7 | 327.12 | OK | |||
r-devel-linux-x86_64-fedora-gcc | 0.7 | 353.59 | OK | |||
r-devel-windows-x86_64 | 0.7 | 114.00 | 127.00 | 241.00 | OK | |
r-patched-linux-x86_64 | 0.7 | 101.44 | 84.39 | 185.83 | OK | |
r-release-linux-x86_64 | 0.7 | 102.17 | 84.08 | 186.25 | OK | |
r-release-macos-arm64 | 0.7 | 107.00 | OK | |||
r-release-macos-x86_64 | 0.7 | 163.00 | OK | |||
r-release-windows-x86_64 | 0.7 | 117.00 | 116.00 | 233.00 | OK | |
r-oldrel-macos-arm64 | 0.7 | 120.00 | NOTE | |||
r-oldrel-macos-x86_64 | 0.7 | 198.00 | NOTE | |||
r-oldrel-windows-x86_64 | 0.7 | 126.00 | 142.00 | 268.00 | OK |
Version: 0.7
Check: installed package size
Result: NOTE
installed size is 14.9Mb
sub-directories of 1Mb or more:
libs 14.2Mb
Flavors: r-oldrel-macos-arm64, r-oldrel-macos-x86_64