Last updated on 2024-06-27 16:49:09 CEST.
Flavor | Version | Tinstall | Tcheck | Ttotal | Status | Flags |
---|---|---|---|---|---|---|
r-devel-linux-x86_64-debian-clang | 2.4 | NOTE | ||||
r-devel-linux-x86_64-debian-gcc | 2.4 | 2.31 | 30.30 | 32.61 | NOTE | |
r-devel-linux-x86_64-fedora-clang | 2.4 | 54.37 | NOTE | |||
r-devel-linux-x86_64-fedora-gcc | 2.4 | 65.08 | NOTE | |||
r-devel-windows-x86_64 | 2.4 | 4.00 | 58.00 | 62.00 | NOTE | |
r-patched-linux-x86_64 | 2.4 | 2.67 | 38.24 | 40.91 | NOTE | |
r-release-linux-x86_64 | 2.4 | 2.57 | 39.01 | 41.58 | NOTE | |
r-release-macos-arm64 | 2.4 | 26.00 | NOTE | |||
r-release-macos-x86_64 | 2.4 | 40.00 | NOTE | |||
r-release-windows-x86_64 | 2.4 | 4.00 | 60.00 | 64.00 | NOTE | |
r-oldrel-macos-arm64 | 2.4 | 28.00 | OK | |||
r-oldrel-macos-x86_64 | 2.4 | 40.00 | OK | |||
r-oldrel-windows-x86_64 | 2.4 | 4.00 | 60.00 | 64.00 | OK |
Version: 2.4
Check: Rd files
Result: NOTE
checkRd: (-1) PV.Rd:14: Lost braces
14 | plausible value in turn; with code{rewrite=FALSE} a new data set is
| ^
Flavors: r-devel-linux-x86_64-debian-clang, r-devel-linux-x86_64-debian-gcc, r-devel-linux-x86_64-fedora-clang, r-devel-linux-x86_64-fedora-gcc, r-devel-windows-x86_64, r-patched-linux-x86_64, r-release-linux-x86_64, r-release-macos-arm64, r-release-macos-x86_64, r-release-windows-x86_64